{"id":1262,"date":"2024-06-10T00:39:04","date_gmt":"2024-06-10T00:39:04","guid":{"rendered":"https:\/\/escolavila.com.br\/?page_id=1262"},"modified":"2025-08-28T16:58:12","modified_gmt":"2025-08-28T16:58:12","slug":"trabalho-em-grupo","status":"publish","type":"page","link":"https:\/\/escolavila.com.br\/index.php\/home\/pedagogia-ecossistemica\/trabalho-em-grupo\/","title":{"rendered":"Trabalho em Grupo"},"content":{"rendered":"\t\t<div data-elementor-type=\"wp-page\" data-elementor-id=\"1262\" class=\"elementor elementor-1262\" data-elementor-settings=\"{&quot;ha_cmc_init_switcher&quot;:&quot;no&quot;}\" data-elementor-post-type=\"page\">\n\t\t\t\t<div class=\"elementor-element elementor-element-0500223 e-con-full e-flex wpr-particle-no wpr-jarallax-no wpr-parallax-no wpr-sticky-section-no e-con e-parent\" data-id=\"0500223\" data-element_type=\"container\" data-settings=\"{&quot;background_background&quot;:&quot;classic&quot;,&quot;_ha_eqh_enable&quot;:false}\">\n\t\t\t\t<div class=\"elementor-element elementor-element-b2b3ceb exad-sticky-section-no exad-glass-effect-no elementor-widget elementor-widget-image\" data-id=\"b2b3ceb\" data-element_type=\"widget\" data-widget_type=\"image.default\">\n\t\t\t\t<div class=\"elementor-widget-container\">\n\t\t\t\t\t\t\t\t\t\t\t\t\t\t\t<img fetchpriority=\"high\" decoding=\"async\" width=\"1920\" height=\"600\" src=\"https:\/\/escolavila.com.br\/wp-content\/uploads\/2025\/08\/banner-trabalho-em-grupo.png\" class=\"attachment-full size-full wp-image-6389\" alt=\"\" srcset=\"https:\/\/escolavila.com.br\/wp-content\/uploads\/2025\/08\/banner-trabalho-em-grupo.png 1920w, https:\/\/escolavila.com.br\/wp-content\/uploads\/2025\/08\/banner-trabalho-em-grupo-300x94.png 300w, https:\/\/escolavila.com.br\/wp-content\/uploads\/2025\/08\/banner-trabalho-em-grupo-1024x320.png 1024w, https:\/\/escolavila.com.br\/wp-content\/uploads\/2025\/08\/banner-trabalho-em-grupo-768x240.png 768w, https:\/\/escolavila.com.br\/wp-content\/uploads\/2025\/08\/banner-trabalho-em-grupo-1536x480.png 1536w\" sizes=\"(max-width: 1920px) 100vw, 1920px\" \/>\t\t\t\t\t\t\t\t\t\t\t\t\t\t\t<\/div>\n\t\t\t\t<\/div>\n\t\t<div class=\"elementor-element elementor-element-6e6b24a e-con-full e-flex wpr-particle-no wpr-jarallax-no wpr-parallax-no wpr-sticky-section-no e-con e-child\" data-id=\"6e6b24a\" data-element_type=\"container\" data-settings=\"{&quot;background_background&quot;:&quot;gradient&quot;,&quot;_ha_eqh_enable&quot;:false}\">\n\t\t<div class=\"elementor-element elementor-element-86b6056 e-con-full e-flex wpr-particle-no wpr-jarallax-no wpr-parallax-no wpr-sticky-section-no e-con e-child\" data-id=\"86b6056\" data-element_type=\"container\" data-settings=\"{&quot;_ha_eqh_enable&quot;:false}\">\n\t\t\t\t<div class=\"elementor-element elementor-element-da73206 exad-sticky-section-no exad-glass-effect-no elementor-widget elementor-widget-heading\" data-id=\"da73206\" data-element_type=\"widget\" data-widget_type=\"heading.default\">\n\t\t\t\t<div class=\"elementor-widget-container\">\n\t\t\t\t\t<span class=\"elementor-heading-title elementor-size-default\">Trabalho em Grupo<\/span>\t\t\t\t<\/div>\n\t\t\t\t<\/div>\n\t\t\t\t<\/div>\n\t\t\t\t<\/div>\n\t\t\t\t<\/div>\n\t\t<div class=\"elementor-element elementor-element-4d773c2 e-con-full e-flex wpr-particle-no wpr-jarallax-no wpr-parallax-no wpr-sticky-section-no e-con e-child\" data-id=\"4d773c2\" data-element_type=\"container\" data-settings=\"{&quot;_ha_eqh_enable&quot;:false}\">\n\t\t<div class=\"elementor-element elementor-element-ea1d0fc e-con-full e-flex wpr-particle-no wpr-jarallax-no wpr-parallax-no wpr-sticky-section-no e-con e-child\" data-id=\"ea1d0fc\" data-element_type=\"container\" data-settings=\"{&quot;_ha_eqh_enable&quot;:false}\">\n\t\t\t\t<div class=\"elementor-element elementor-element-cb907ed exad-sticky-section-no exad-glass-effect-no elementor-widget elementor-widget-image\" data-id=\"cb907ed\" data-element_type=\"widget\" data-widget_type=\"image.default\">\n\t\t\t\t<div class=\"elementor-widget-container\">\n\t\t\t\t\t\t\t\t\t\t\t\t\t\t\t<img decoding=\"async\" width=\"800\" height=\"534\" src=\"https:\/\/escolavila.com.br\/wp-content\/uploads\/2025\/08\/sala-de-matamatica-2-1-1024x683.jpg\" class=\"attachment-large size-large wp-image-5676\" alt=\"\" srcset=\"https:\/\/escolavila.com.br\/wp-content\/uploads\/2025\/08\/sala-de-matamatica-2-1-1024x683.jpg 1024w, https:\/\/escolavila.com.br\/wp-content\/uploads\/2025\/08\/sala-de-matamatica-2-1-300x200.jpg 300w, https:\/\/escolavila.com.br\/wp-content\/uploads\/2025\/08\/sala-de-matamatica-2-1-768x512.jpg 768w, https:\/\/escolavila.com.br\/wp-content\/uploads\/2025\/08\/sala-de-matamatica-2-1-1536x1024.jpg 1536w, https:\/\/escolavila.com.br\/wp-content\/uploads\/2025\/08\/sala-de-matamatica-2-1-2048x1365.jpg 2048w\" sizes=\"(max-width: 800px) 100vw, 800px\" \/>\t\t\t\t\t\t\t\t\t\t\t\t\t\t\t<\/div>\n\t\t\t\t<\/div>\n\t\t\t\t<div class=\"elementor-element elementor-element-d8945bf exad-sticky-section-no exad-glass-effect-no elementor-widget elementor-widget-image\" data-id=\"d8945bf\" data-element_type=\"widget\" data-widget_type=\"image.default\">\n\t\t\t\t<div class=\"elementor-widget-container\">\n\t\t\t\t\t\t\t\t\t\t\t\t\t\t\t<img decoding=\"async\" width=\"800\" height=\"111\" src=\"https:\/\/escolavila.com.br\/wp-content\/uploads\/2024\/09\/SombraDepoimentos-1024x142.png\" class=\"attachment-large size-large wp-image-1977\" alt=\"\" srcset=\"https:\/\/escolavila.com.br\/wp-content\/uploads\/2024\/09\/SombraDepoimentos-1024x142.png 1024w, https:\/\/escolavila.com.br\/wp-content\/uploads\/2024\/09\/SombraDepoimentos-300x42.png 300w, https:\/\/escolavila.com.br\/wp-content\/uploads\/2024\/09\/SombraDepoimentos-768x106.png 768w, https:\/\/escolavila.com.br\/wp-content\/uploads\/2024\/09\/SombraDepoimentos.png 1140w\" sizes=\"(max-width: 800px) 100vw, 800px\" \/>\t\t\t\t\t\t\t\t\t\t\t\t\t\t\t<\/div>\n\t\t\t\t<\/div>\n\t\t\t\t<\/div>\n\t\t<div class=\"elementor-element elementor-element-4c32e4b e-con-full e-flex wpr-particle-no wpr-jarallax-no wpr-parallax-no wpr-sticky-section-no e-con e-child\" data-id=\"4c32e4b\" data-element_type=\"container\" data-settings=\"{&quot;_ha_eqh_enable&quot;:false}\">\n\t\t\t\t<div class=\"elementor-element elementor-element-ec97a8f elementor-widget__width-initial elementor-widget-mobile__width-inherit exad-sticky-section-no exad-glass-effect-no elementor-widget elementor-widget-text-editor\" data-id=\"ec97a8f\" data-element_type=\"widget\" data-widget_type=\"text-editor.default\">\n\t\t\t\t<div class=\"elementor-widget-container\">\n\t\t\t\t\t\t\t\t\t<p><strong>Conviver na diversidade<\/strong> e\u0301 um desafio importante, que traz um grande aprendizado na constru\u00e7\u00e3o de uma nova sociedade. O desenvolvimento de habilidades de convive\u0302ncia, desde a idade escolar, favorece aos estudantes o aprendizado significativo, pois permitir a discuss\u00e3o, a viv\u00eancia e a experimenta\u00e7\u00e3o de diferentes conte\u00fados e pontos de vista. Al\u00e9m disso, os diferentes modos de express\u00e3o existentes em um mesmo grupo, possibilita uma amplitude maior de possibilidades de aprendizagem.<\/p><p>As atividades s\u00e3o propostas sempre de forma coletiva. O professor prop\u00f5e suas atividades sempre para os grupos, e na\u0303o para os estudantes individualmente. Desta forma os estudantes s\u00e3o incitados a<strong> interagir, conversar, discutir, trocar opini\u00f5es, argumentar, compreender e aceitar o ponto de vista do outro, mesmo que seja diferente do seu.<\/strong><\/p><p><strong>Os grupos<\/strong> s\u00e3o estabelecidos pelo professor ou pela coordena\u00e7\u00e3o da escola, de forma a garantir a diversidade constante de cada um. Os estudantes ficam em um mesmo grupo durante uma semana, depois desse per\u00edodo, a defini\u00e7\u00e3o dos grupos e\u0301 alterada. Uma vez ao m\u00eas, a divis\u00e3o dos grupos e\u0301 de livre escolha dos estudantes.<\/p>\t\t\t\t\t\t\t\t<\/div>\n\t\t\t\t<\/div>\n\t\t\t\t<\/div>\n\t\t\t\t<\/div>\n\t\t<div class=\"elementor-element elementor-element-f4dcfc2 e-con-full e-flex wpr-particle-no wpr-jarallax-no wpr-parallax-no wpr-sticky-section-no e-con e-parent\" data-id=\"f4dcfc2\" data-element_type=\"container\" data-settings=\"{&quot;_ha_eqh_enable&quot;:false}\">\n\t\t\t\t<div class=\"elementor-element elementor-element-bfb138e elementor-arrows-position-outside elementor-widget__width-initial elementor-pagination-position-outside exad-sticky-section-no exad-glass-effect-no elementor-widget elementor-widget-image-carousel\" data-id=\"bfb138e\" data-element_type=\"widget\" data-settings=\"{&quot;slides_to_show&quot;:&quot;4&quot;,&quot;navigation&quot;:&quot;both&quot;,&quot;autoplay&quot;:&quot;yes&quot;,&quot;pause_on_hover&quot;:&quot;yes&quot;,&quot;pause_on_interaction&quot;:&quot;yes&quot;,&quot;autoplay_speed&quot;:5000,&quot;infinite&quot;:&quot;yes&quot;,&quot;speed&quot;:500,&quot;image_spacing_custom&quot;:{&quot;unit&quot;:&quot;px&quot;,&quot;size&quot;:20,&quot;sizes&quot;:[]},&quot;image_spacing_custom_tablet&quot;:{&quot;unit&quot;:&quot;px&quot;,&quot;size&quot;:&quot;&quot;,&quot;sizes&quot;:[]},&quot;image_spacing_custom_mobile&quot;:{&quot;unit&quot;:&quot;px&quot;,&quot;size&quot;:&quot;&quot;,&quot;sizes&quot;:[]}}\" data-widget_type=\"image-carousel.default\">\n\t\t\t\t<div class=\"elementor-widget-container\">\n\t\t\t\t\t\t\t<div class=\"elementor-image-carousel-wrapper swiper\" role=\"region\" aria-roledescription=\"carousel\" aria-label=\"Carrossel de imagens\" dir=\"ltr\">\n\t\t\t<div class=\"elementor-image-carousel swiper-wrapper swiper-image-stretch\" aria-live=\"off\">\n\t\t\t\t\t\t\t\t<div class=\"swiper-slide\" role=\"group\" aria-roledescription=\"slide\" aria-label=\"1 de 17\"><a data-elementor-open-lightbox=\"yes\" data-elementor-lightbox-slideshow=\"bfb138e\" data-elementor-lightbox-title=\"sala de matam\u00e1tica 2\" data-e-action-hash=\"#elementor-action%3Aaction%3Dlightbox%26settings%3DeyJpZCI6NDYxMSwidXJsIjoiaHR0cHM6XC9cL2VzY29sYXZpbGEuY29tLmJyXC93cC1jb250ZW50XC91cGxvYWRzXC8yMDI1XC8wNVwvc2FsYS1kZS1tYXRhbWF0aWNhLTIuanBnIiwic2xpZGVzaG93IjoiYmZiMTM4ZSJ9\" href=\"https:\/\/escolavila.com.br\/wp-content\/uploads\/2025\/05\/sala-de-matamatica-2.jpg\"><figure class=\"swiper-slide-inner\"><img decoding=\"async\" class=\"swiper-slide-image\" src=\"https:\/\/escolavila.com.br\/wp-content\/uploads\/elementor\/thumbs\/sala-de-matamatica-2-r582ih5y16y58iuwrd8qqklmx93cgvskqme01fi45k.jpg\" alt=\"sala de matam\u00e1tica 2\" \/><\/figure><\/a><\/div><div class=\"swiper-slide\" role=\"group\" aria-roledescription=\"slide\" aria-label=\"2 de 17\"><a data-elementor-open-lightbox=\"yes\" data-elementor-lightbox-slideshow=\"bfb138e\" data-elementor-lightbox-title=\"_MG_4207\" data-e-action-hash=\"#elementor-action%3Aaction%3Dlightbox%26settings%3DeyJpZCI6NDYwNywidXJsIjoiaHR0cHM6XC9cL2VzY29sYXZpbGEuY29tLmJyXC93cC1jb250ZW50XC91cGxvYWRzXC8yMDI1XC8wNVwvTUdfNDIwNy5qcGciLCJzbGlkZXNob3ciOiJiZmIxMzhlIn0%3D\" href=\"https:\/\/escolavila.com.br\/wp-content\/uploads\/2025\/05\/MG_4207.jpg\"><figure class=\"swiper-slide-inner\"><img decoding=\"async\" class=\"swiper-slide-image\" src=\"https:\/\/escolavila.com.br\/wp-content\/uploads\/elementor\/thumbs\/MG_4207-r582i4y1kchf1lcnqpylc5on78rkotg2cxwosu08eg.jpg\" alt=\"_MG_4207\" \/><\/figure><\/a><\/div><div class=\"swiper-slide\" role=\"group\" aria-roledescription=\"slide\" aria-label=\"3 de 17\"><a data-elementor-open-lightbox=\"yes\" data-elementor-lightbox-slideshow=\"bfb138e\" data-elementor-lightbox-title=\"IMG_0157\" data-e-action-hash=\"#elementor-action%3Aaction%3Dlightbox%26settings%3DeyJpZCI6NTY5MSwidXJsIjoiaHR0cHM6XC9cL2VzY29sYXZpbGEuY29tLmJyXC93cC1jb250ZW50XC91cGxvYWRzXC8yMDI1XC8wOFwvSU1HXzAxNTctMS5qcGVnIiwic2xpZGVzaG93IjoiYmZiMTM4ZSJ9\" href=\"https:\/\/escolavila.com.br\/wp-content\/uploads\/2025\/08\/IMG_0157-1.jpeg\"><figure class=\"swiper-slide-inner\"><img decoding=\"async\" class=\"swiper-slide-image\" src=\"https:\/\/escolavila.com.br\/wp-content\/uploads\/elementor\/thumbs\/IMG_0157-1-rajhtc1amj5j7qutr9yvdpue7ojsn9f66k5mw6na14.jpeg\" alt=\"IMG_0157\" \/><\/figure><\/a><\/div><div class=\"swiper-slide\" role=\"group\" aria-roledescription=\"slide\" aria-label=\"4 de 17\"><a data-elementor-open-lightbox=\"yes\" data-elementor-lightbox-slideshow=\"bfb138e\" data-elementor-lightbox-title=\"IMG_0755\" data-e-action-hash=\"#elementor-action%3Aaction%3Dlightbox%26settings%3DeyJpZCI6NTY5MiwidXJsIjoiaHR0cHM6XC9cL2VzY29sYXZpbGEuY29tLmJyXC93cC1jb250ZW50XC91cGxvYWRzXC8yMDI1XC8wOFwvSU1HXzA3NTUtMS1zY2FsZWQuanBnIiwic2xpZGVzaG93IjoiYmZiMTM4ZSJ9\" href=\"https:\/\/escolavila.com.br\/wp-content\/uploads\/2025\/08\/IMG_0755-1-scaled.jpg\"><figure class=\"swiper-slide-inner\"><img decoding=\"async\" class=\"swiper-slide-image\" src=\"https:\/\/escolavila.com.br\/wp-content\/uploads\/elementor\/thumbs\/IMG_0755-1-scaled-rajhtdwz0783uys3gas4ipdbegaj2nmmutgluqkhoo.jpg\" alt=\"IMG_0755\" \/><\/figure><\/a><\/div><div class=\"swiper-slide\" role=\"group\" aria-roledescription=\"slide\" aria-label=\"5 de 17\"><a data-elementor-open-lightbox=\"yes\" data-elementor-lightbox-slideshow=\"bfb138e\" data-elementor-lightbox-title=\"IMG_0766 (1)\" data-e-action-hash=\"#elementor-action%3Aaction%3Dlightbox%26settings%3DeyJpZCI6NTY5MywidXJsIjoiaHR0cHM6XC9cL2VzY29sYXZpbGEuY29tLmJyXC93cC1jb250ZW50XC91cGxvYWRzXC8yMDI1XC8wOFwvSU1HXzA3NjYtMS0xLmpwZWciLCJzbGlkZXNob3ciOiJiZmIxMzhlIn0%3D\" href=\"https:\/\/escolavila.com.br\/wp-content\/uploads\/2025\/08\/IMG_0766-1-1.jpeg\"><figure class=\"swiper-slide-inner\"><img decoding=\"async\" class=\"swiper-slide-image\" src=\"https:\/\/escolavila.com.br\/wp-content\/uploads\/elementor\/thumbs\/IMG_0766-1-1-rajhtfsndvaoi6pd5bldnow8l819i1u3j2rktahpc8.jpeg\" alt=\"IMG_0766 (1)\" \/><\/figure><\/a><\/div><div class=\"swiper-slide\" role=\"group\" aria-roledescription=\"slide\" aria-label=\"6 de 17\"><a data-elementor-open-lightbox=\"yes\" data-elementor-lightbox-slideshow=\"bfb138e\" data-elementor-lightbox-title=\"_MG_1598\" data-e-action-hash=\"#elementor-action%3Aaction%3Dlightbox%26settings%3DeyJpZCI6NDYwNCwidXJsIjoiaHR0cHM6XC9cL2VzY29sYXZpbGEuY29tLmJyXC93cC1jb250ZW50XC91cGxvYWRzXC8yMDI1XC8wNVwvTUdfMTU5OC0xLmpwZyIsInNsaWRlc2hvdyI6ImJmYjEzOGUifQ%3D%3D\" href=\"https:\/\/escolavila.com.br\/wp-content\/uploads\/2025\/05\/MG_1598-1.jpg\"><figure class=\"swiper-slide-inner\"><img decoding=\"async\" class=\"swiper-slide-image\" src=\"https:\/\/escolavila.com.br\/wp-content\/uploads\/elementor\/thumbs\/MG_1598-1-r582hvjno04jthqb9lwbn8219e1wjueqzndu02e64o.jpg\" alt=\"_MG_1598\" \/><\/figure><\/a><\/div><div class=\"swiper-slide\" role=\"group\" aria-roledescription=\"slide\" aria-label=\"7 de 17\"><a data-elementor-open-lightbox=\"yes\" data-elementor-lightbox-slideshow=\"bfb138e\" data-elementor-lightbox-title=\"_MG_1209\" data-e-action-hash=\"#elementor-action%3Aaction%3Dlightbox%26settings%3DeyJpZCI6NDYwMiwidXJsIjoiaHR0cHM6XC9cL2VzY29sYXZpbGEuY29tLmJyXC93cC1jb250ZW50XC91cGxvYWRzXC8yMDI1XC8wNVwvTUdfMTIwOS0xLmpwZyIsInNsaWRlc2hvdyI6ImJmYjEzOGUifQ%3D%3D\" href=\"https:\/\/escolavila.com.br\/wp-content\/uploads\/2025\/05\/MG_1209-1.jpg\"><figure class=\"swiper-slide-inner\"><img decoding=\"async\" class=\"swiper-slide-image\" src=\"https:\/\/escolavila.com.br\/wp-content\/uploads\/elementor\/thumbs\/MG_1209-1-r582hqugpty47fx511v6sr8qagp2hcw3b04elol4zs.jpg\" alt=\"_MG_1209\" \/><\/figure><\/a><\/div><div class=\"swiper-slide\" role=\"group\" aria-roledescription=\"slide\" aria-label=\"8 de 17\"><a data-elementor-open-lightbox=\"yes\" data-elementor-lightbox-slideshow=\"bfb138e\" data-elementor-lightbox-title=\"_MG_1215\" data-e-action-hash=\"#elementor-action%3Aaction%3Dlightbox%26settings%3DeyJpZCI6NDYwMywidXJsIjoiaHR0cHM6XC9cL2VzY29sYXZpbGEuY29tLmJyXC93cC1jb250ZW50XC91cGxvYWRzXC8yMDI1XC8wNVwvTUdfMTIxNS0xLmpwZyIsInNsaWRlc2hvdyI6ImJmYjEzOGUifQ%3D%3D\" href=\"https:\/\/escolavila.com.br\/wp-content\/uploads\/2025\/05\/MG_1215-1.jpg\"><figure class=\"swiper-slide-inner\"><img decoding=\"async\" class=\"swiper-slide-image\" src=\"https:\/\/escolavila.com.br\/wp-content\/uploads\/elementor\/thumbs\/MG_1215-1-r582hsq53i0ounueq2ofxqrnh8fswr3jz9fdk8icnc.jpg\" alt=\"_MG_1215\" \/><\/figure><\/a><\/div><div class=\"swiper-slide\" role=\"group\" aria-roledescription=\"slide\" aria-label=\"9 de 17\"><a data-elementor-open-lightbox=\"yes\" data-elementor-lightbox-slideshow=\"bfb138e\" data-elementor-lightbox-title=\"MVI_8840.MOV.03_48_30_02.Quadro001\" data-e-action-hash=\"#elementor-action%3Aaction%3Dlightbox%26settings%3DeyJpZCI6NDYxMCwidXJsIjoiaHR0cHM6XC9cL2VzY29sYXZpbGEuY29tLmJyXC93cC1jb250ZW50XC91cGxvYWRzXC8yMDI1XC8wNVwvTVZJXzg4NDAuTU9WLjAzXzQ4XzMwXzAyLlF1YWRybzAwMS5qcGciLCJzbGlkZXNob3ciOiJiZmIxMzhlIn0%3D\" href=\"https:\/\/escolavila.com.br\/wp-content\/uploads\/2025\/05\/MVI_8840.MOV.03_48_30_02.Quadro001.jpg\"><figure class=\"swiper-slide-inner\"><img decoding=\"async\" class=\"swiper-slide-image\" src=\"https:\/\/escolavila.com.br\/wp-content\/uploads\/elementor\/thumbs\/MVI_8840.MOV.03_48_30_02.Quadro001-r582iecfgoua9oz07u0v13b953h8tshdq8fjllmao8.jpg\" alt=\"MVI_8840.MOV.03_48_30_02.Quadro001\" \/><\/figure><\/a><\/div><div class=\"swiper-slide\" role=\"group\" aria-roledescription=\"slide\" aria-label=\"10 de 17\"><a data-elementor-open-lightbox=\"yes\" data-elementor-lightbox-slideshow=\"bfb138e\" data-elementor-lightbox-title=\"Banner\" data-e-action-hash=\"#elementor-action%3Aaction%3Dlightbox%26settings%3DeyJpZCI6NDYwOCwidXJsIjoiaHR0cHM6XC9cL2VzY29sYXZpbGEuY29tLmJyXC93cC1jb250ZW50XC91cGxvYWRzXC8yMDI1XC8wNVwvQmFubmVyLmpwZyIsInNsaWRlc2hvdyI6ImJmYjEzOGUifQ%3D%3D\" href=\"https:\/\/escolavila.com.br\/wp-content\/uploads\/2025\/05\/Banner.jpg\"><figure class=\"swiper-slide-inner\"><img decoding=\"async\" class=\"swiper-slide-image\" src=\"https:\/\/escolavila.com.br\/wp-content\/uploads\/elementor\/thumbs\/Banner-r582i7rk4ula0f8ka96h1mz0zedobwr9dbv58nw1vs.jpg\" alt=\"Banner\" \/><\/figure><\/a><\/div><div class=\"swiper-slide\" role=\"group\" aria-roledescription=\"slide\" aria-label=\"11 de 17\"><a data-elementor-open-lightbox=\"yes\" data-elementor-lightbox-slideshow=\"bfb138e\" data-elementor-lightbox-title=\"_MG_8732\" data-e-action-hash=\"#elementor-action%3Aaction%3Dlightbox%26settings%3DeyJpZCI6NjA0NCwidXJsIjoiaHR0cHM6XC9cL2VzY29sYXZpbGEuY29tLmJyXC93cC1jb250ZW50XC91cGxvYWRzXC8yMDI1XC8wOFwvTUdfODczMi1zY2FsZWQuanBnIiwic2xpZGVzaG93IjoiYmZiMTM4ZSJ9\" href=\"https:\/\/escolavila.com.br\/wp-content\/uploads\/2025\/08\/MG_8732-scaled.jpg\"><figure class=\"swiper-slide-inner\"><img decoding=\"async\" class=\"swiper-slide-image\" src=\"https:\/\/escolavila.com.br\/wp-content\/uploads\/elementor\/thumbs\/MG_8732-scaled-rau3b3x2yrnlrls65rycm1pv1ciu8rjyefkksjfx54.jpg\" alt=\"_MG_8732\" \/><\/figure><\/a><\/div><div class=\"swiper-slide\" role=\"group\" aria-roledescription=\"slide\" aria-label=\"12 de 17\"><a data-elementor-open-lightbox=\"yes\" data-elementor-lightbox-slideshow=\"bfb138e\" data-elementor-lightbox-title=\"_MG_8714\" data-e-action-hash=\"#elementor-action%3Aaction%3Dlightbox%26settings%3DeyJpZCI6NjA0NSwidXJsIjoiaHR0cHM6XC9cL2VzY29sYXZpbGEuY29tLmJyXC93cC1jb250ZW50XC91cGxvYWRzXC8yMDI1XC8wOFwvTUdfODcxNC1zY2FsZWQuanBnIiwic2xpZGVzaG93IjoiYmZiMTM4ZSJ9\" href=\"https:\/\/escolavila.com.br\/wp-content\/uploads\/2025\/08\/MG_8714-scaled.jpg\"><figure class=\"swiper-slide-inner\"><img decoding=\"async\" class=\"swiper-slide-image\" src=\"https:\/\/escolavila.com.br\/wp-content\/uploads\/elementor\/thumbs\/MG_8714-scaled-rau3bcdmo9z6o3fvsdlzqhl0dtd561hjflfy413dl4.jpg\" alt=\"_MG_8714\" \/><\/figure><\/a><\/div><div class=\"swiper-slide\" role=\"group\" aria-roledescription=\"slide\" aria-label=\"13 de 17\"><a data-elementor-open-lightbox=\"yes\" data-elementor-lightbox-slideshow=\"bfb138e\" data-elementor-lightbox-title=\"_MG_6501\" data-e-action-hash=\"#elementor-action%3Aaction%3Dlightbox%26settings%3DeyJpZCI6NjA0NiwidXJsIjoiaHR0cHM6XC9cL2VzY29sYXZpbGEuY29tLmJyXC93cC1jb250ZW50XC91cGxvYWRzXC8yMDI1XC8wOFwvTUdfNjUwMS1zY2FsZWQuanBnIiwic2xpZGVzaG93IjoiYmZiMTM4ZSJ9\" href=\"https:\/\/escolavila.com.br\/wp-content\/uploads\/2025\/08\/MG_6501-scaled.jpg\"><figure class=\"swiper-slide-inner\"><img decoding=\"async\" class=\"swiper-slide-image\" src=\"https:\/\/escolavila.com.br\/wp-content\/uploads\/elementor\/thumbs\/MG_6501-scaled-rau3c2p3zmz7p6dniozjoaxx0lrf5ke0v7pjjs0cqw.jpg\" alt=\"_MG_6501\" \/><\/figure><\/a><\/div><div class=\"swiper-slide\" role=\"group\" aria-roledescription=\"slide\" aria-label=\"14 de 17\"><a data-elementor-open-lightbox=\"yes\" data-elementor-lightbox-slideshow=\"bfb138e\" data-elementor-lightbox-title=\"DSC_0743\" data-e-action-hash=\"#elementor-action%3Aaction%3Dlightbox%26settings%3DeyJpZCI6NjUyMCwidXJsIjoiaHR0cHM6XC9cL2VzY29sYXZpbGEuY29tLmJyXC93cC1jb250ZW50XC91cGxvYWRzXC8yMDI1XC8wOFwvRFNDXzA3NDMtc2NhbGVkLmpwZyIsInNsaWRlc2hvdyI6ImJmYjEzOGUifQ%3D%3D\" href=\"https:\/\/escolavila.com.br\/wp-content\/uploads\/2025\/08\/DSC_0743-scaled.jpg\"><figure class=\"swiper-slide-inner\"><img decoding=\"async\" class=\"swiper-slide-image\" src=\"https:\/\/escolavila.com.br\/wp-content\/uploads\/elementor\/thumbs\/DSC_0743-scaled-raxjsi6ckcckbuayydufsol8hqajaxdw7a7gvctxu0.jpg\" alt=\"DSC_0743\" \/><\/figure><\/a><\/div><div class=\"swiper-slide\" role=\"group\" aria-roledescription=\"slide\" aria-label=\"15 de 17\"><a data-elementor-open-lightbox=\"yes\" data-elementor-lightbox-slideshow=\"bfb138e\" data-elementor-lightbox-title=\"DSC_0735\" data-e-action-hash=\"#elementor-action%3Aaction%3Dlightbox%26settings%3DeyJpZCI6NjUyMSwidXJsIjoiaHR0cHM6XC9cL2VzY29sYXZpbGEuY29tLmJyXC93cC1jb250ZW50XC91cGxvYWRzXC8yMDI1XC8wOFwvRFNDXzA3MzUtc2NhbGVkLmpwZyIsInNsaWRlc2hvdyI6ImJmYjEzOGUifQ%3D%3D\" href=\"https:\/\/escolavila.com.br\/wp-content\/uploads\/2025\/08\/DSC_0735-scaled.jpg\"><figure class=\"swiper-slide-inner\"><img decoding=\"async\" class=\"swiper-slide-image\" src=\"https:\/\/escolavila.com.br\/wp-content\/uploads\/elementor\/thumbs\/DSC_0735-scaled-raxjsntdpcka9i2s1ga77n6021iql40a824dr0lkso.jpg\" alt=\"DSC_0735\" \/><\/figure><\/a><\/div><div class=\"swiper-slide\" role=\"group\" aria-roledescription=\"slide\" aria-label=\"16 de 17\"><a data-elementor-open-lightbox=\"yes\" data-elementor-lightbox-slideshow=\"bfb138e\" data-elementor-lightbox-title=\"DSC_0728\" data-e-action-hash=\"#elementor-action%3Aaction%3Dlightbox%26settings%3DeyJpZCI6NjUyMiwidXJsIjoiaHR0cHM6XC9cL2VzY29sYXZpbGEuY29tLmJyXC93cC1jb250ZW50XC91cGxvYWRzXC8yMDI1XC8wOFwvRFNDXzA3Mjgtc2NhbGVkLmpwZyIsInNsaWRlc2hvdyI6ImJmYjEzOGUifQ%3D%3D\" href=\"https:\/\/escolavila.com.br\/wp-content\/uploads\/2025\/08\/DSC_0728-scaled.jpg\"><figure class=\"swiper-slide-inner\"><img decoding=\"async\" class=\"swiper-slide-image\" src=\"https:\/\/escolavila.com.br\/wp-content\/uploads\/elementor\/thumbs\/DSC_0728-scaled-raxjt7jzovbb1ba3u6td606oj4tg2r6nartkttsb60.jpg\" alt=\"DSC_0728\" \/><\/figure><\/a><\/div><div class=\"swiper-slide\" role=\"group\" aria-roledescription=\"slide\" aria-label=\"17 de 17\"><a data-elementor-open-lightbox=\"yes\" data-elementor-lightbox-slideshow=\"bfb138e\" data-elementor-lightbox-title=\"DSC_0877\" data-e-action-hash=\"#elementor-action%3Aaction%3Dlightbox%26settings%3DeyJpZCI6NjUyMywidXJsIjoiaHR0cHM6XC9cL2VzY29sYXZpbGEuY29tLmJyXC93cC1jb250ZW50XC91cGxvYWRzXC8yMDI1XC8wOFwvRFNDXzA4Nzctc2NhbGVkLmpwZyIsInNsaWRlc2hvdyI6ImJmYjEzOGUifQ%3D%3D\" href=\"https:\/\/escolavila.com.br\/wp-content\/uploads\/2025\/08\/DSC_0877-scaled.jpg\"><figure class=\"swiper-slide-inner\"><img decoding=\"async\" class=\"swiper-slide-image\" src=\"https:\/\/escolavila.com.br\/wp-content\/uploads\/elementor\/thumbs\/DSC_0877-scaled-raxjtraloe2bt4hfmxcj4d7d0845ked0dhirwmz1jc.jpg\" alt=\"DSC_0877\" \/><\/figure><\/a><\/div>\t\t\t<\/div>\n\t\t\t\t\t\t\t\t\t\t\t\t<div class=\"elementor-swiper-button elementor-swiper-button-prev\" role=\"button\" tabindex=\"0\">\n\t\t\t\t\t\t<svg aria-hidden=\"true\" class=\"e-font-icon-svg e-eicon-chevron-left\" viewBox=\"0 0 1000 1000\" xmlns=\"http:\/\/www.w3.org\/2000\/svg\"><path d=\"M646 125C629 125 613 133 604 142L308 442C296 454 292 471 292 487 292 504 296 521 308 533L604 854C617 867 629 875 646 875 663 875 679 871 692 858 704 846 713 829 713 812 713 796 708 779 692 767L438 487 692 225C700 217 708 204 708 187 708 171 704 154 692 142 675 129 663 125 646 125Z\"><\/path><\/svg>\t\t\t\t\t<\/div>\n\t\t\t\t\t<div class=\"elementor-swiper-button elementor-swiper-button-next\" role=\"button\" tabindex=\"0\">\n\t\t\t\t\t\t<svg aria-hidden=\"true\" class=\"e-font-icon-svg e-eicon-chevron-right\" viewBox=\"0 0 1000 1000\" xmlns=\"http:\/\/www.w3.org\/2000\/svg\"><path d=\"M696 533C708 521 713 504 713 487 713 471 708 454 696 446L400 146C388 133 375 125 354 125 338 125 325 129 313 142 300 154 292 171 292 187 292 204 296 221 308 233L563 492 304 771C292 783 288 800 288 817 288 833 296 850 308 863 321 871 338 875 354 875 371 875 388 867 400 854L696 533Z\"><\/path><\/svg>\t\t\t\t\t<\/div>\n\t\t\t\t\n\t\t\t\t\t\t\t\t\t<div class=\"swiper-pagination\"><\/div>\n\t\t\t\t\t\t\t\t\t<\/div>\n\t\t\t\t\t\t<\/div>\n\t\t\t\t<\/div>\n\t\t\t\t<\/div>\n\t\t\t\t<\/div>\n\t\t","protected":false},"excerpt":{"rendered":"<p>Trabalho em Grupo Conviver na diversidade e\u0301 um desafio importante, que traz um grande aprendizado na constru\u00e7\u00e3o de uma nova sociedade. O desenvolvimento de habilidades de convive\u0302ncia, desde a idade escolar, favorece aos estudantes o aprendizado significativo, pois permitir a discuss\u00e3o, a viv\u00eancia e a experimenta\u00e7\u00e3o de diferentes conte\u00fados e pontos de vista. Al\u00e9m disso, os diferentes modos de express\u00e3o existentes em um mesmo grupo, possibilita uma amplitude maior de possibilidades de aprendizagem. As atividades s\u00e3o propostas sempre de forma coletiva. O professor prop\u00f5e suas atividades sempre para os grupos, e na\u0303o para os estudantes individualmente. Desta forma os estudantes s\u00e3o incitados a interagir, conversar, discutir, trocar opini\u00f5es, argumentar, compreender e aceitar o ponto de vista do outro, mesmo que seja diferente do seu. Os grupos s\u00e3o estabelecidos pelo professor ou pela coordena\u00e7\u00e3o da escola, de forma a garantir a diversidade constante de cada um. Os estudantes ficam em um mesmo grupo durante uma semana, depois desse per\u00edodo, a defini\u00e7\u00e3o dos grupos e\u0301 alterada. Uma vez ao m\u00eas, a divis\u00e3o dos grupos e\u0301 de livre escolha dos estudantes.<\/p>\n","protected":false},"author":1,"featured_media":0,"parent":1058,"menu_order":0,"comment_status":"closed","ping_status":"closed","template":"elementor_canvas","meta":{"_acf_changed":false,"footnotes":""},"class_list":["post-1262","page","type-page","status-publish","hentry"],"acf":[],"_links":{"self":[{"href":"https:\/\/escolavila.com.br\/index.php\/wp-json\/wp\/v2\/pages\/1262","targetHints":{"allow":["GET"]}}],"collection":[{"href":"https:\/\/escolavila.com.br\/index.php\/wp-json\/wp\/v2\/pages"}],"about":[{"href":"https:\/\/escolavila.com.br\/index.php\/wp-json\/wp\/v2\/types\/page"}],"author":[{"embeddable":true,"href":"https:\/\/escolavila.com.br\/index.php\/wp-json\/wp\/v2\/users\/1"}],"replies":[{"embeddable":true,"href":"https:\/\/escolavila.com.br\/index.php\/wp-json\/wp\/v2\/comments?post=1262"}],"version-history":[{"count":78,"href":"https:\/\/escolavila.com.br\/index.php\/wp-json\/wp\/v2\/pages\/1262\/revisions"}],"predecessor-version":[{"id":6526,"href":"https:\/\/escolavila.com.br\/index.php\/wp-json\/wp\/v2\/pages\/1262\/revisions\/6526"}],"up":[{"embeddable":true,"href":"https:\/\/escolavila.com.br\/index.php\/wp-json\/wp\/v2\/pages\/1058"}],"wp:attachment":[{"href":"https:\/\/escolavila.com.br\/index.php\/wp-json\/wp\/v2\/media?parent=1262"}],"curies":[{"name":"wp","href":"https:\/\/api.w.org\/{rel}","templated":true}]}}