{"id":1383,"date":"2024-06-10T01:43:50","date_gmt":"2024-06-10T01:43:50","guid":{"rendered":"https:\/\/escolavila.com.br\/?page_id=1383"},"modified":"2025-08-28T17:04:13","modified_gmt":"2025-08-28T17:04:13","slug":"sistema-de-avaliacao","status":"publish","type":"page","link":"https:\/\/escolavila.com.br\/index.php\/home\/pedagogia-ecossistemica\/sistema-de-avaliacao\/","title":{"rendered":"Sistema de Avalia\u00e7\u00e3o"},"content":{"rendered":"\t\t<div data-elementor-type=\"wp-page\" data-elementor-id=\"1383\" class=\"elementor elementor-1383\" data-elementor-settings=\"{&quot;ha_cmc_init_switcher&quot;:&quot;no&quot;}\" data-elementor-post-type=\"page\">\n\t\t\t\t<div class=\"elementor-element elementor-element-888b3dd e-con-full e-flex wpr-particle-no wpr-jarallax-no wpr-parallax-no wpr-sticky-section-no e-con e-parent\" data-id=\"888b3dd\" data-element_type=\"container\" data-settings=\"{&quot;_ha_eqh_enable&quot;:false}\">\n\t\t\t\t<div class=\"elementor-element elementor-element-b4ab6dc exad-sticky-section-no exad-glass-effect-no elementor-widget elementor-widget-image\" data-id=\"b4ab6dc\" data-element_type=\"widget\" data-widget_type=\"image.default\">\n\t\t\t\t<div class=\"elementor-widget-container\">\n\t\t\t\t\t\t\t\t\t\t\t\t\t\t\t<img fetchpriority=\"high\" decoding=\"async\" width=\"1920\" height=\"600\" src=\"https:\/\/escolavila.com.br\/wp-content\/uploads\/2025\/08\/sistema-de-avaliacao.png\" class=\"attachment-full size-full wp-image-6474\" alt=\"\" srcset=\"https:\/\/escolavila.com.br\/wp-content\/uploads\/2025\/08\/sistema-de-avaliacao.png 1920w, https:\/\/escolavila.com.br\/wp-content\/uploads\/2025\/08\/sistema-de-avaliacao-300x94.png 300w, https:\/\/escolavila.com.br\/wp-content\/uploads\/2025\/08\/sistema-de-avaliacao-1024x320.png 1024w, https:\/\/escolavila.com.br\/wp-content\/uploads\/2025\/08\/sistema-de-avaliacao-768x240.png 768w, https:\/\/escolavila.com.br\/wp-content\/uploads\/2025\/08\/sistema-de-avaliacao-1536x480.png 1536w\" sizes=\"(max-width: 1920px) 100vw, 1920px\" \/>\t\t\t\t\t\t\t\t\t\t\t\t\t\t\t<\/div>\n\t\t\t\t<\/div>\n\t\t\t\t<\/div>\n\t\t<div class=\"elementor-element elementor-element-56d25be e-con-full e-flex wpr-particle-no wpr-jarallax-no wpr-parallax-no wpr-sticky-section-no e-con e-child\" data-id=\"56d25be\" data-element_type=\"container\" data-settings=\"{&quot;background_background&quot;:&quot;classic&quot;,&quot;_ha_eqh_enable&quot;:false}\">\n\t\t<div class=\"elementor-element elementor-element-c3db3b8 e-con-full e-flex wpr-particle-no wpr-jarallax-no wpr-parallax-no wpr-sticky-section-no e-con e-child\" data-id=\"c3db3b8\" data-element_type=\"container\" data-settings=\"{&quot;_ha_eqh_enable&quot;:false}\">\n\t\t<div class=\"elementor-element elementor-element-a196bb2 e-con-full e-flex wpr-particle-no wpr-jarallax-no wpr-parallax-no wpr-sticky-section-no e-con e-child\" data-id=\"a196bb2\" data-element_type=\"container\" data-settings=\"{&quot;background_background&quot;:&quot;gradient&quot;,&quot;_ha_eqh_enable&quot;:false}\">\n\t\t<div class=\"elementor-element elementor-element-53df024 e-con-full e-flex wpr-particle-no wpr-jarallax-no wpr-parallax-no wpr-sticky-section-no e-con e-child\" data-id=\"53df024\" data-element_type=\"container\" data-settings=\"{&quot;_ha_eqh_enable&quot;:false}\">\n\t\t\t\t<div class=\"elementor-element elementor-element-fca4dc1 exad-sticky-section-no exad-glass-effect-no elementor-widget elementor-widget-heading\" data-id=\"fca4dc1\" data-element_type=\"widget\" data-widget_type=\"heading.default\">\n\t\t\t\t<div class=\"elementor-widget-container\">\n\t\t\t\t\t<span class=\"elementor-heading-title elementor-size-default\">Sistema de Avalia\u00e7\u00e3o<\/span>\t\t\t\t<\/div>\n\t\t\t\t<\/div>\n\t\t\t\t<\/div>\n\t\t\t\t<\/div>\n\t\t\t\t<\/div>\n\t\t<div class=\"elementor-element elementor-element-d3e0006 e-con-full e-flex wpr-particle-no wpr-jarallax-no wpr-parallax-no wpr-sticky-section-no e-con e-child\" data-id=\"d3e0006\" data-element_type=\"container\" data-settings=\"{&quot;_ha_eqh_enable&quot;:false}\">\n\t\t\t\t<div class=\"elementor-element elementor-element-ce4c169 elementor-widget__width-initial exad-sticky-section-no exad-glass-effect-no elementor-widget elementor-widget-image\" data-id=\"ce4c169\" data-element_type=\"widget\" data-widget_type=\"image.default\">\n\t\t\t\t<div class=\"elementor-widget-container\">\n\t\t\t\t\t\t\t\t\t\t\t\t\t\t\t<img decoding=\"async\" width=\"452\" height=\"452\" src=\"https:\/\/escolavila.com.br\/wp-content\/uploads\/2025\/08\/logo2fundobranco.png\" class=\"attachment-large size-large wp-image-6468\" alt=\"\" srcset=\"https:\/\/escolavila.com.br\/wp-content\/uploads\/2025\/08\/logo2fundobranco.png 452w, https:\/\/escolavila.com.br\/wp-content\/uploads\/2025\/08\/logo2fundobranco-300x300.png 300w, https:\/\/escolavila.com.br\/wp-content\/uploads\/2025\/08\/logo2fundobranco-150x150.png 150w\" sizes=\"(max-width: 452px) 100vw, 452px\" \/>\t\t\t\t\t\t\t\t\t\t\t\t\t\t\t<\/div>\n\t\t\t\t<\/div>\n\t\t\t\t<div class=\"elementor-element elementor-element-f320f60 elementor-widget__width-initial exad-sticky-section-no exad-glass-effect-no elementor-widget elementor-widget-text-editor\" data-id=\"f320f60\" data-element_type=\"widget\" data-widget_type=\"text-editor.default\">\n\t\t\t\t<div class=\"elementor-widget-container\">\n\t\t\t\t\t\t\t\t\t<p>A <strong>Avalia\u00e7\u00e3o<\/strong> \u00e9 processual e cont\u00ednua utilizando diferentes estrat\u00e9gias. A participa\u00e7\u00e3o do estudante nas atividades e no grupo do qual ele faz parte \u00e9 essencial para compor uma avalia\u00e7\u00e3o mais detalhada.<\/p><p>A nota do boletim n\u00e3o \u00e9 a nota da prova final, mas sim de todas as atividades propostas, do relacionamento com o grupo, do cumprimento das regras, da realiza\u00e7\u00e3o das tarefas e das provas realizadas. \u00c9 o conjunto do todo que caracteriza a nota do boletim.<\/p><p>No Ensino Fundamental, a <strong>Ficha de Acompanhamento Individual<\/strong> (F.A.I.) s\u00e3o compostas por tr\u00eas avalia\u00e7\u00f5es: <strong>Autoavalia\u00e7\u00e3o<\/strong> (AA), <strong>Avalia\u00e7\u00e3o do Grupo<\/strong> (AG) e <strong>Avalia\u00e7\u00e3o do Professor<\/strong> (AP). As notas dos estudantes s\u00e3o, ent\u00e3o, uma composi\u00e7\u00e3o das tr\u00eas avalia\u00e7\u00f5es. Dessa forma, trabalhamos os valores morais, o respeito, a \u00e9tica, o autoconhecimento e a autorresponsabilidade.<\/p><p><br \/>Na<strong> Educa\u00e7\u00e3o Infantil<\/strong>, h\u00e1 uma Ficha de Avalia\u00e7\u00e3o Individual (FAI) com v\u00e1rios aspectos a serem avaliados, em diferentes \u00e1reas de desenvolvimento: psicomotora, socioemocional, forma\u00e7\u00e3o de h\u00e1bitos e conte\u00fados espec\u00edficos, al\u00e9m de um relat\u00f3rio descritivo espec\u00edfico para cada estudante.<\/p>\t\t\t\t\t\t\t\t<\/div>\n\t\t\t\t<\/div>\n\t\t\t\t<\/div>\n\t\t\t\t<\/div>\n\t\t\t\t<\/div>\n\t\t","protected":false},"excerpt":{"rendered":"<p>Sistema de Avalia\u00e7\u00e3o A Avalia\u00e7\u00e3o \u00e9 processual e cont\u00ednua utilizando diferentes estrat\u00e9gias. A participa\u00e7\u00e3o do estudante nas atividades e no grupo do qual ele faz parte \u00e9 essencial para compor uma avalia\u00e7\u00e3o mais detalhada. A nota do boletim n\u00e3o \u00e9 a nota da prova final, mas sim de todas as atividades propostas, do relacionamento com o grupo, do cumprimento das regras, da realiza\u00e7\u00e3o das tarefas e das provas realizadas. \u00c9 o conjunto do todo que caracteriza a nota do boletim. No Ensino Fundamental, a Ficha de Acompanhamento Individual (F.A.I.) s\u00e3o compostas por tr\u00eas avalia\u00e7\u00f5es: Autoavalia\u00e7\u00e3o (AA), Avalia\u00e7\u00e3o do Grupo (AG) e Avalia\u00e7\u00e3o do Professor (AP). As notas dos estudantes s\u00e3o, ent\u00e3o, uma composi\u00e7\u00e3o das tr\u00eas avalia\u00e7\u00f5es. Dessa forma, trabalhamos os valores morais, o respeito, a \u00e9tica, o autoconhecimento e a autorresponsabilidade. Na Educa\u00e7\u00e3o Infantil, h\u00e1 uma Ficha de Avalia\u00e7\u00e3o Individual (FAI) com v\u00e1rios aspectos a serem avaliados, em diferentes \u00e1reas de desenvolvimento: psicomotora, socioemocional, forma\u00e7\u00e3o de h\u00e1bitos e conte\u00fados espec\u00edficos, al\u00e9m de um relat\u00f3rio descritivo espec\u00edfico para cada estudante.<\/p>\n","protected":false},"author":1,"featured_media":0,"parent":1058,"menu_order":0,"comment_status":"closed","ping_status":"closed","template":"","meta":{"_acf_changed":false,"footnotes":""},"class_list":["post-1383","page","type-page","status-publish","hentry"],"acf":[],"_links":{"self":[{"href":"https:\/\/escolavila.com.br\/index.php\/wp-json\/wp\/v2\/pages\/1383","targetHints":{"allow":["GET"]}}],"collection":[{"href":"https:\/\/escolavila.com.br\/index.php\/wp-json\/wp\/v2\/pages"}],"about":[{"href":"https:\/\/escolavila.com.br\/index.php\/wp-json\/wp\/v2\/types\/page"}],"author":[{"embeddable":true,"href":"https:\/\/escolavila.com.br\/index.php\/wp-json\/wp\/v2\/users\/1"}],"replies":[{"embeddable":true,"href":"https:\/\/escolavila.com.br\/index.php\/wp-json\/wp\/v2\/comments?post=1383"}],"version-history":[{"count":45,"href":"https:\/\/escolavila.com.br\/index.php\/wp-json\/wp\/v2\/pages\/1383\/revisions"}],"predecessor-version":[{"id":6544,"href":"https:\/\/escolavila.com.br\/index.php\/wp-json\/wp\/v2\/pages\/1383\/revisions\/6544"}],"up":[{"embeddable":true,"href":"https:\/\/escolavila.com.br\/index.php\/wp-json\/wp\/v2\/pages\/1058"}],"wp:attachment":[{"href":"https:\/\/escolavila.com.br\/index.php\/wp-json\/wp\/v2\/media?parent=1383"}],"curies":[{"name":"wp","href":"https:\/\/api.w.org\/{rel}","templated":true}]}}

Sistema de Avaliação

<div data-elementor-type="wp-page" data-elementor-id="1383" class="elementor elementor-1383" data-elementor-settings="{&quot;ha_cmc_init_switcher&quot;:&quot;no&quot;}" data-elementor-post-type="page">
				<div class="elementor-element elementor-element-888b3dd e-con-full e-flex wpr-particle-no wpr-jarallax-no wpr-parallax-no wpr-sticky-section-no e-con e-parent" data-id="888b3dd" data-element_type="container" data-settings="{&quot;_ha_eqh_enable&quot;:false}">
				<div class="elementor-element elementor-element-b4ab6dc exad-sticky-section-no exad-glass-effect-no elementor-widget elementor-widget-image" data-id="b4ab6dc" data-element_type="widget" data-widget_type="image.default">
				<div class="elementor-widget-container">
															<img fetchpriority="high" decoding="async" width="1920" height="600" src="https://escolavila.com.br/wp-content/uploads/2025/08/sistema-de-avaliacao.png" class="attachment-full size-full wp-image-6474" alt="" srcset="https://escolavila.com.br/wp-content/uploads/2025/08/sistema-de-avaliacao.png 1920w, https://escolavila.com.br/wp-content/uploads/2025/08/sistema-de-avaliacao-300x94.png 300w, https://escolavila.com.br/wp-content/uploads/2025/08/sistema-de-avaliacao-1024x320.png 1024w, https://escolavila.com.br/wp-content/uploads/2025/08/sistema-de-avaliacao-768x240.png 768w, https://escolavila.com.br/wp-content/uploads/2025/08/sistema-de-avaliacao-1536x480.png 1536w" sizes="(max-width: 1920px) 100vw, 1920px" />															</div>
				</div>
				</div>
		<div class="elementor-element elementor-element-56d25be e-con-full e-flex wpr-particle-no wpr-jarallax-no wpr-parallax-no wpr-sticky-section-no e-con e-child" data-id="56d25be" data-element_type="container" data-settings="{&quot;background_background&quot;:&quot;classic&quot;,&quot;_ha_eqh_enable&quot;:false}">
		<div class="elementor-element elementor-element-c3db3b8 e-con-full e-flex wpr-particle-no wpr-jarallax-no wpr-parallax-no wpr-sticky-section-no e-con e-child" data-id="c3db3b8" data-element_type="container" data-settings="{&quot;_ha_eqh_enable&quot;:false}">
		<div class="elementor-element elementor-element-a196bb2 e-con-full e-flex wpr-particle-no wpr-jarallax-no wpr-parallax-no wpr-sticky-section-no e-con e-child" data-id="a196bb2" data-element_type="container" data-settings="{&quot;background_background&quot;:&quot;gradient&quot;,&quot;_ha_eqh_enable&quot;:false}">
		<div class="elementor-element elementor-element-53df024 e-con-full e-flex wpr-particle-no wpr-jarallax-no wpr-parallax-no wpr-sticky-section-no e-con e-child" data-id="53df024" data-element_type="container" data-settings="{&quot;_ha_eqh_enable&quot;:false}">
				<div class="elementor-element elementor-element-fca4dc1 exad-sticky-section-no exad-glass-effect-no elementor-widget elementor-widget-heading" data-id="fca4dc1" data-element_type="widget" data-widget_type="heading.default">
				<div class="elementor-widget-container">
					<span class="elementor-heading-title elementor-size-default">Sistema de Avaliação</span>				</div>
				</div>
				</div>
				</div>
				</div>
		<div class="elementor-element elementor-element-d3e0006 e-con-full e-flex wpr-particle-no wpr-jarallax-no wpr-parallax-no wpr-sticky-section-no e-con e-child" data-id="d3e0006" data-element_type="container" data-settings="{&quot;_ha_eqh_enable&quot;:false}">
				<div class="elementor-element elementor-element-ce4c169 elementor-widget__width-initial exad-sticky-section-no exad-glass-effect-no elementor-widget elementor-widget-image" data-id="ce4c169" data-element_type="widget" data-widget_type="image.default">
				<div class="elementor-widget-container">
															<img decoding="async" width="452" height="452" src="https://escolavila.com.br/wp-content/uploads/2025/08/logo2fundobranco.png" class="attachment-large size-large wp-image-6468" alt="" srcset="https://escolavila.com.br/wp-content/uploads/2025/08/logo2fundobranco.png 452w, https://escolavila.com.br/wp-content/uploads/2025/08/logo2fundobranco-300x300.png 300w, https://escolavila.com.br/wp-content/uploads/2025/08/logo2fundobranco-150x150.png 150w" sizes="(max-width: 452px) 100vw, 452px" />															</div>
				</div>
				<div class="elementor-element elementor-element-f320f60 elementor-widget__width-initial exad-sticky-section-no exad-glass-effect-no elementor-widget elementor-widget-text-editor" data-id="f320f60" data-element_type="widget" data-widget_type="text-editor.default">
				<div class="elementor-widget-container">
									<p>A <strong>Avaliação</strong> é processual e contínua utilizando diferentes estratégias. A participação do estudante nas atividades e no grupo do qual ele faz parte é essencial para compor uma avaliação mais detalhada.</p><p>A nota do boletim não é a nota da prova final, mas sim de todas as atividades propostas, do relacionamento com o grupo, do cumprimento das regras, da realização das tarefas e das provas realizadas. É o conjunto do todo que caracteriza a nota do boletim.</p><p>No Ensino Fundamental, a <strong>Ficha de Acompanhamento Individual</strong> (F.A.I.) são compostas por três avaliações: <strong>Autoavaliação</strong> (AA), <strong>Avaliação do Grupo</strong> (AG) e <strong>Avaliação do Professor</strong> (AP). As notas dos estudantes são, então, uma composição das três avaliações. Dessa forma, trabalhamos os valores morais, o respeito, a ética, o autoconhecimento e a autorresponsabilidade.</p><p><br />Na<strong> Educação Infantil</strong>, há uma Ficha de Avaliação Individual (FAI) com vários aspectos a serem avaliados, em diferentes áreas de desenvolvimento: psicomotora, socioemocional, formação de hábitos e conteúdos específicos, além de um relatório descritivo específico para cada estudante.</p>								</div>
				</div>
				</div>
				</div>
				</div>

<p>Sistema de Avaliação A Avaliação é processual e contínua utilizando diferentes estratégias. A participação do estudante nas atividades e no grupo do qual ele faz parte é essencial para compor uma avaliação mais detalhada. A nota do boletim não é a nota da prova final, mas sim de todas as atividades propostas, do relacionamento com o grupo, do cumprimento das regras, da realização das tarefas e das provas realizadas. É o conjunto do todo que caracteriza a nota do boletim. No Ensino Fundamental, a Ficha de Acompanhamento Individual (F.A.I.) são compostas por três avaliações: Autoavaliação (AA), Avaliação do Grupo (AG) e Avaliação do Professor (AP). As notas dos estudantes são, então, uma composição das três avaliações. Dessa forma, trabalhamos os valores morais, o respeito, a ética, o autoconhecimento e a autorresponsabilidade. Na Educação Infantil, há uma Ficha de Avaliação Individual (FAI) com vários aspectos a serem avaliados, em diferentes áreas de desenvolvimento: psicomotora, socioemocional, formação de hábitos e conteúdos específicos, além de um relatório descritivo específico para cada estudante.</p>
