{"id":7053,"date":"2025-09-01T17:53:31","date_gmt":"2025-09-01T17:53:31","guid":{"rendered":"https:\/\/escolavila.com.br\/?page_id=7053"},"modified":"2025-09-02T18:15:43","modified_gmt":"2025-09-02T18:15:43","slug":"assembleias","status":"publish","type":"page","link":"https:\/\/escolavila.com.br\/index.php\/assembleias\/","title":{"rendered":"\u2014 Assembleias"},"content":{"rendered":"\t\t<div data-elementor-type=\"wp-page\" data-elementor-id=\"7053\" class=\"elementor elementor-7053\" data-elementor-settings=\"{&quot;ha_cmc_init_switcher&quot;:&quot;no&quot;}\" data-elementor-post-type=\"page\">\n\t\t\t\t<div class=\"elementor-element elementor-element-1b606f09 e-con-full e-flex wpr-particle-no wpr-jarallax-no wpr-parallax-no wpr-sticky-section-no e-con e-parent\" data-id=\"1b606f09\" data-element_type=\"container\" data-settings=\"{&quot;background_background&quot;:&quot;classic&quot;,&quot;_ha_eqh_enable&quot;:false}\">\n\t\t\t\t<\/div>\n\t\t<div class=\"elementor-element elementor-element-0b8e166 e-flex e-con-boxed wpr-particle-no wpr-jarallax-no wpr-parallax-no wpr-sticky-section-no e-con e-parent\" data-id=\"0b8e166\" data-element_type=\"container\" data-settings=\"{&quot;background_background&quot;:&quot;classic&quot;,&quot;_ha_eqh_enable&quot;:false}\">\n\t\t\t\t\t<div class=\"e-con-inner\">\n\t\t<div class=\"elementor-element elementor-element-354b98f e-con-full e-flex wpr-particle-no wpr-jarallax-no wpr-parallax-no wpr-sticky-section-no e-con e-child\" data-id=\"354b98f\" data-element_type=\"container\" data-settings=\"{&quot;_ha_eqh_enable&quot;:false}\">\n\t\t<div class=\"elementor-element elementor-element-f9304fc e-con-full e-flex wpr-particle-no wpr-jarallax-no wpr-parallax-no wpr-sticky-section-no e-con e-child\" data-id=\"f9304fc\" data-element_type=\"container\" data-settings=\"{&quot;_ha_eqh_enable&quot;:false}\">\n\t\t\t\t<div class=\"elementor-element elementor-element-0aedac2 exad-sticky-section-no exad-glass-effect-no elementor-widget elementor-widget-heading\" data-id=\"0aedac2\" data-element_type=\"widget\" data-widget_type=\"heading.default\">\n\t\t\t\t<div class=\"elementor-widget-container\">\n\t\t\t\t\t<span class=\"elementor-heading-title elementor-size-default\">Assembleias<\/span>\t\t\t\t<\/div>\n\t\t\t\t<\/div>\n\t\t\t\t<\/div>\n\t\t\t\t<\/div>\n\t\t\t\t<div class=\"elementor-element elementor-element-a95a231 elementor-widget__width-initial elementor-widget-mobile__width-inherit exad-sticky-section-no exad-glass-effect-no elementor-widget elementor-widget-text-editor\" data-id=\"a95a231\" data-element_type=\"widget\" data-widget_type=\"text-editor.default\">\n\t\t\t\t<div class=\"elementor-widget-container\">\n\t\t\t\t\t\t\t\t\t<p>As assembleias s\u00e3o realizadas pelos estudantes no in\u00edcio do ano, quando s\u00e3o discutidas e criadas as regras de conviv\u00eancias em cada espa\u00e7o da escola. As regras s\u00e3o digitadas e assinada pelos estudantes e familiares.<\/p>\t\t\t\t\t\t\t\t<\/div>\n\t\t\t\t<\/div>\n\t\t\t\t\t<\/div>\n\t\t\t\t<\/div>\n\t\t<div class=\"elementor-element elementor-element-cd07f35 e-con-full manifestacao e-flex wpr-particle-no wpr-jarallax-no wpr-parallax-no wpr-sticky-section-no e-con e-child\" data-id=\"cd07f35\" data-element_type=\"container\" id=\"manifestacao\" data-settings=\"{&quot;background_background&quot;:&quot;classic&quot;,&quot;_ha_eqh_enable&quot;:false}\">\n\t\t<div class=\"elementor-element elementor-element-55073d94 e-con-full e-flex wpr-particle-no wpr-jarallax-no wpr-parallax-no wpr-sticky-section-no e-con e-child\" data-id=\"55073d94\" data-element_type=\"container\" data-settings=\"{&quot;_ha_eqh_enable&quot;:false}\">\n\t\t\t\t<div class=\"elementor-element elementor-element-44dfc0c9 elementor-widget__width-initial exad-sticky-section-no exad-glass-effect-no elementor-widget elementor-widget-image\" data-id=\"44dfc0c9\" data-element_type=\"widget\" data-widget_type=\"image.default\">\n\t\t\t\t<div class=\"elementor-widget-container\">\n\t\t\t\t\t\t\t\t\t\t\t\t\t\t\t<img fetchpriority=\"high\" decoding=\"async\" width=\"800\" height=\"450\" src=\"https:\/\/escolavila.com.br\/wp-content\/uploads\/2025\/09\/WhatsApp-Image-2025-09-02-at-15.07.47-1024x576.jpeg\" class=\"attachment-large size-large wp-image-7205\" alt=\"\" srcset=\"https:\/\/escolavila.com.br\/wp-content\/uploads\/2025\/09\/WhatsApp-Image-2025-09-02-at-15.07.47-1024x576.jpeg 1024w, https:\/\/escolavila.com.br\/wp-content\/uploads\/2025\/09\/WhatsApp-Image-2025-09-02-at-15.07.47-300x169.jpeg 300w, https:\/\/escolavila.com.br\/wp-content\/uploads\/2025\/09\/WhatsApp-Image-2025-09-02-at-15.07.47-768x432.jpeg 768w, https:\/\/escolavila.com.br\/wp-content\/uploads\/2025\/09\/WhatsApp-Image-2025-09-02-at-15.07.47.jpeg 1182w\" sizes=\"(max-width: 800px) 100vw, 800px\" \/>\t\t\t\t\t\t\t\t\t\t\t\t\t\t\t<\/div>\n\t\t\t\t<\/div>\n\t\t\t\t<div class=\"elementor-element elementor-element-c494ba2 elementor-widget__width-initial exad-sticky-section-no exad-glass-effect-no elementor-widget elementor-widget-image\" data-id=\"c494ba2\" data-element_type=\"widget\" data-widget_type=\"image.default\">\n\t\t\t\t<div class=\"elementor-widget-container\">\n\t\t\t\t\t\t\t\t\t\t\t\t\t\t\t<img decoding=\"async\" width=\"800\" height=\"534\" src=\"https:\/\/escolavila.com.br\/wp-content\/uploads\/2025\/09\/MG_4166-1024x683.png\" class=\"attachment-large size-large wp-image-7206\" alt=\"\" srcset=\"https:\/\/escolavila.com.br\/wp-content\/uploads\/2025\/09\/MG_4166-1024x683.png 1024w, https:\/\/escolavila.com.br\/wp-content\/uploads\/2025\/09\/MG_4166-300x200.png 300w, https:\/\/escolavila.com.br\/wp-content\/uploads\/2025\/09\/MG_4166-768x512.png 768w, https:\/\/escolavila.com.br\/wp-content\/uploads\/2025\/09\/MG_4166.png 1368w\" sizes=\"(max-width: 800px) 100vw, 800px\" \/>\t\t\t\t\t\t\t\t\t\t\t\t\t\t\t<\/div>\n\t\t\t\t<\/div>\n\t\t\t\t<div class=\"elementor-element elementor-element-315810d elementor-widget__width-initial exad-sticky-section-no exad-glass-effect-no elementor-widget elementor-widget-image\" data-id=\"315810d\" data-element_type=\"widget\" data-widget_type=\"image.default\">\n\t\t\t\t<div class=\"elementor-widget-container\">\n\t\t\t\t\t\t\t\t\t\t\t\t\t\t\t<img decoding=\"async\" width=\"800\" height=\"534\" src=\"https:\/\/escolavila.com.br\/wp-content\/uploads\/2025\/09\/MG_4169-1024x683.png\" class=\"attachment-large size-large wp-image-7207\" alt=\"\" srcset=\"https:\/\/escolavila.com.br\/wp-content\/uploads\/2025\/09\/MG_4169-1024x683.png 1024w, https:\/\/escolavila.com.br\/wp-content\/uploads\/2025\/09\/MG_4169-300x200.png 300w, https:\/\/escolavila.com.br\/wp-content\/uploads\/2025\/09\/MG_4169-768x512.png 768w, https:\/\/escolavila.com.br\/wp-content\/uploads\/2025\/09\/MG_4169.png 1368w\" sizes=\"(max-width: 800px) 100vw, 800px\" \/>\t\t\t\t\t\t\t\t\t\t\t\t\t\t\t<\/div>\n\t\t\t\t<\/div>\n\t\t\t\t<\/div>\n\t\t<div class=\"elementor-element elementor-element-f1ffd11 e-con-full e-flex wpr-particle-no wpr-jarallax-no wpr-parallax-no wpr-sticky-section-no e-con e-child\" data-id=\"f1ffd11\" data-element_type=\"container\" data-settings=\"{&quot;_ha_eqh_enable&quot;:false}\">\n\t\t\t\t<div class=\"elementor-element elementor-element-769ce2b1 elementor-widget__width-initial elementor-widget-mobile__width-inherit exad-sticky-section-no exad-glass-effect-no elementor-widget elementor-widget-text-editor\" data-id=\"769ce2b1\" data-element_type=\"widget\" data-widget_type=\"text-editor.default\">\n\t\t\t\t<div class=\"elementor-widget-container\">\n\t\t\t\t\t\t\t\t\t<p>As assembleias s\u00e3o convocadas e realizadas quando surge um conflito ou algo que necessite ser resolvido para as resolu\u00e7\u00f5es dos problemas.<\/p><p>Solidariedade, respeito e responsabilidade se aprendem praticando desde a inf\u00e2ncia.<\/p>\t\t\t\t\t\t\t\t<\/div>\n\t\t\t\t<\/div>\n\t\t\t\t<\/div>\n\t\t\t\t<\/div>\n\t\t\t\t<\/div>\n\t\t","protected":false},"excerpt":{"rendered":"<p>Assembleias As assembleias s\u00e3o realizadas pelos estudantes no in\u00edcio do ano, quando s\u00e3o discutidas e criadas as regras de conviv\u00eancias em cada espa\u00e7o da escola. As regras s\u00e3o digitadas e assinada pelos estudantes e familiares. As assembleias s\u00e3o convocadas e realizadas quando surge um conflito ou algo que necessite ser resolvido para as resolu\u00e7\u00f5es dos problemas. Solidariedade, respeito e responsabilidade se aprendem praticando desde a inf\u00e2ncia.<\/p>\n","protected":false},"author":4,"featured_media":0,"parent":0,"menu_order":0,"comment_status":"closed","ping_status":"closed","template":"elementor_canvas","meta":{"_acf_changed":false,"footnotes":""},"class_list":["post-7053","page","type-page","status-publish","hentry"],"acf":[],"_links":{"self":[{"href":"https:\/\/escolavila.com.br\/index.php\/wp-json\/wp\/v2\/pages\/7053","targetHints":{"allow":["GET"]}}],"collection":[{"href":"https:\/\/escolavila.com.br\/index.php\/wp-json\/wp\/v2\/pages"}],"about":[{"href":"https:\/\/escolavila.com.br\/index.php\/wp-json\/wp\/v2\/types\/page"}],"author":[{"embeddable":true,"href":"https:\/\/escolavila.com.br\/index.php\/wp-json\/wp\/v2\/users\/4"}],"replies":[{"embeddable":true,"href":"https:\/\/escolavila.com.br\/index.php\/wp-json\/wp\/v2\/comments?post=7053"}],"version-history":[{"count":10,"href":"https:\/\/escolavila.com.br\/index.php\/wp-json\/wp\/v2\/pages\/7053\/revisions"}],"predecessor-version":[{"id":7210,"href":"https:\/\/escolavila.com.br\/index.php\/wp-json\/wp\/v2\/pages\/7053\/revisions\/7210"}],"wp:attachment":[{"href":"https:\/\/escolavila.com.br\/index.php\/wp-json\/wp\/v2\/media?parent=7053"}],"curies":[{"name":"wp","href":"https:\/\/api.w.org\/{rel}","templated":true}]}}

<div data-elementor-type="wp-page" data-elementor-id="7053" class="elementor elementor-7053" data-elementor-settings="{&quot;ha_cmc_init_switcher&quot;:&quot;no&quot;}" data-elementor-post-type="page">
				<div class="elementor-element elementor-element-1b606f09 e-con-full e-flex wpr-particle-no wpr-jarallax-no wpr-parallax-no wpr-sticky-section-no e-con e-parent" data-id="1b606f09" data-element_type="container" data-settings="{&quot;background_background&quot;:&quot;classic&quot;,&quot;_ha_eqh_enable&quot;:false}">
				</div>
		<div class="elementor-element elementor-element-0b8e166 e-flex e-con-boxed wpr-particle-no wpr-jarallax-no wpr-parallax-no wpr-sticky-section-no e-con e-parent" data-id="0b8e166" data-element_type="container" data-settings="{&quot;background_background&quot;:&quot;classic&quot;,&quot;_ha_eqh_enable&quot;:false}">
					<div class="e-con-inner">
		<div class="elementor-element elementor-element-354b98f e-con-full e-flex wpr-particle-no wpr-jarallax-no wpr-parallax-no wpr-sticky-section-no e-con e-child" data-id="354b98f" data-element_type="container" data-settings="{&quot;_ha_eqh_enable&quot;:false}">
		<div class="elementor-element elementor-element-f9304fc e-con-full e-flex wpr-particle-no wpr-jarallax-no wpr-parallax-no wpr-sticky-section-no e-con e-child" data-id="f9304fc" data-element_type="container" data-settings="{&quot;_ha_eqh_enable&quot;:false}">
				<div class="elementor-element elementor-element-0aedac2 exad-sticky-section-no exad-glass-effect-no elementor-widget elementor-widget-heading" data-id="0aedac2" data-element_type="widget" data-widget_type="heading.default">
				<div class="elementor-widget-container">
					<span class="elementor-heading-title elementor-size-default">Assembleias</span>				</div>
				</div>
				</div>
				</div>
				<div class="elementor-element elementor-element-a95a231 elementor-widget__width-initial elementor-widget-mobile__width-inherit exad-sticky-section-no exad-glass-effect-no elementor-widget elementor-widget-text-editor" data-id="a95a231" data-element_type="widget" data-widget_type="text-editor.default">
				<div class="elementor-widget-container">
									<p>As assembleias são realizadas pelos estudantes no início do ano, quando são discutidas e criadas as regras de convivências em cada espaço da escola. As regras são digitadas e assinada pelos estudantes e familiares.</p>								</div>
				</div>
					</div>
				</div>
		<div class="elementor-element elementor-element-cd07f35 e-con-full manifestacao e-flex wpr-particle-no wpr-jarallax-no wpr-parallax-no wpr-sticky-section-no e-con e-child" data-id="cd07f35" data-element_type="container" id="manifestacao" data-settings="{&quot;background_background&quot;:&quot;classic&quot;,&quot;_ha_eqh_enable&quot;:false}">
		<div class="elementor-element elementor-element-55073d94 e-con-full e-flex wpr-particle-no wpr-jarallax-no wpr-parallax-no wpr-sticky-section-no e-con e-child" data-id="55073d94" data-element_type="container" data-settings="{&quot;_ha_eqh_enable&quot;:false}">
				<div class="elementor-element elementor-element-44dfc0c9 elementor-widget__width-initial exad-sticky-section-no exad-glass-effect-no elementor-widget elementor-widget-image" data-id="44dfc0c9" data-element_type="widget" data-widget_type="image.default">
				<div class="elementor-widget-container">
															<img fetchpriority="high" decoding="async" width="800" height="450" src="https://escolavila.com.br/wp-content/uploads/2025/09/WhatsApp-Image-2025-09-02-at-15.07.47-1024x576.jpeg" class="attachment-large size-large wp-image-7205" alt="" srcset="https://escolavila.com.br/wp-content/uploads/2025/09/WhatsApp-Image-2025-09-02-at-15.07.47-1024x576.jpeg 1024w, https://escolavila.com.br/wp-content/uploads/2025/09/WhatsApp-Image-2025-09-02-at-15.07.47-300x169.jpeg 300w, https://escolavila.com.br/wp-content/uploads/2025/09/WhatsApp-Image-2025-09-02-at-15.07.47-768x432.jpeg 768w, https://escolavila.com.br/wp-content/uploads/2025/09/WhatsApp-Image-2025-09-02-at-15.07.47.jpeg 1182w" sizes="(max-width: 800px) 100vw, 800px" />															</div>
				</div>
				<div class="elementor-element elementor-element-c494ba2 elementor-widget__width-initial exad-sticky-section-no exad-glass-effect-no elementor-widget elementor-widget-image" data-id="c494ba2" data-element_type="widget" data-widget_type="image.default">
				<div class="elementor-widget-container">
															<img decoding="async" width="800" height="534" src="https://escolavila.com.br/wp-content/uploads/2025/09/MG_4166-1024x683.png" class="attachment-large size-large wp-image-7206" alt="" srcset="https://escolavila.com.br/wp-content/uploads/2025/09/MG_4166-1024x683.png 1024w, https://escolavila.com.br/wp-content/uploads/2025/09/MG_4166-300x200.png 300w, https://escolavila.com.br/wp-content/uploads/2025/09/MG_4166-768x512.png 768w, https://escolavila.com.br/wp-content/uploads/2025/09/MG_4166.png 1368w" sizes="(max-width: 800px) 100vw, 800px" />															</div>
				</div>
				<div class="elementor-element elementor-element-315810d elementor-widget__width-initial exad-sticky-section-no exad-glass-effect-no elementor-widget elementor-widget-image" data-id="315810d" data-element_type="widget" data-widget_type="image.default">
				<div class="elementor-widget-container">
															<img decoding="async" width="800" height="534" src="https://escolavila.com.br/wp-content/uploads/2025/09/MG_4169-1024x683.png" class="attachment-large size-large wp-image-7207" alt="" srcset="https://escolavila.com.br/wp-content/uploads/2025/09/MG_4169-1024x683.png 1024w, https://escolavila.com.br/wp-content/uploads/2025/09/MG_4169-300x200.png 300w, https://escolavila.com.br/wp-content/uploads/2025/09/MG_4169-768x512.png 768w, https://escolavila.com.br/wp-content/uploads/2025/09/MG_4169.png 1368w" sizes="(max-width: 800px) 100vw, 800px" />															</div>
				</div>
				</div>
		<div class="elementor-element elementor-element-f1ffd11 e-con-full e-flex wpr-particle-no wpr-jarallax-no wpr-parallax-no wpr-sticky-section-no e-con e-child" data-id="f1ffd11" data-element_type="container" data-settings="{&quot;_ha_eqh_enable&quot;:false}">
				<div class="elementor-element elementor-element-769ce2b1 elementor-widget__width-initial elementor-widget-mobile__width-inherit exad-sticky-section-no exad-glass-effect-no elementor-widget elementor-widget-text-editor" data-id="769ce2b1" data-element_type="widget" data-widget_type="text-editor.default">
				<div class="elementor-widget-container">
									<p>As assembleias são convocadas e realizadas quando surge um conflito ou algo que necessite ser resolvido para as resoluções dos problemas.</p><p>Solidariedade, respeito e responsabilidade se aprendem praticando desde a infância.</p>								</div>
				</div>
				</div>
				</div>
				</div>

<p>Assembleias As assembleias são realizadas pelos estudantes no início do ano, quando são discutidas e criadas as regras de convivências em cada espaço da escola. As regras são digitadas e assinada pelos estudantes e familiares. As assembleias são convocadas e realizadas quando surge um conflito ou algo que necessite ser resolvido para as resoluções dos problemas. Solidariedade, respeito e responsabilidade se aprendem praticando desde a infância.</p>
