{"id":7063,"date":"2025-09-01T17:59:21","date_gmt":"2025-09-01T17:59:21","guid":{"rendered":"https:\/\/escolavila.com.br\/?page_id=7063"},"modified":"2025-09-08T12:49:01","modified_gmt":"2025-09-08T12:49:01","slug":"papo-filosofico","status":"publish","type":"page","link":"https:\/\/escolavila.com.br\/index.php\/papo-filosofico\/","title":{"rendered":"\u2014 Papo Filos\u00f3fico"},"content":{"rendered":"\t\t<div data-elementor-type=\"wp-page\" data-elementor-id=\"7063\" class=\"elementor elementor-7063\" data-elementor-settings=\"{&quot;ha_cmc_init_switcher&quot;:&quot;no&quot;}\" data-elementor-post-type=\"page\">\n\t\t\t\t<div class=\"elementor-element elementor-element-1b606f09 e-con-full e-flex wpr-particle-no wpr-jarallax-no wpr-parallax-no wpr-sticky-section-no e-con e-parent\" data-id=\"1b606f09\" data-element_type=\"container\" data-settings=\"{&quot;background_background&quot;:&quot;classic&quot;,&quot;_ha_eqh_enable&quot;:false}\">\n\t\t\t\t<\/div>\n\t\t<div class=\"elementor-element elementor-element-0b8e166 e-flex e-con-boxed wpr-particle-no wpr-jarallax-no wpr-parallax-no wpr-sticky-section-no e-con e-parent\" data-id=\"0b8e166\" data-element_type=\"container\" data-settings=\"{&quot;background_background&quot;:&quot;classic&quot;,&quot;_ha_eqh_enable&quot;:false}\">\n\t\t\t\t\t<div class=\"e-con-inner\">\n\t\t<div class=\"elementor-element elementor-element-354b98f e-con-full e-flex wpr-particle-no wpr-jarallax-no wpr-parallax-no wpr-sticky-section-no e-con e-child\" data-id=\"354b98f\" data-element_type=\"container\" data-settings=\"{&quot;_ha_eqh_enable&quot;:false}\">\n\t\t<div class=\"elementor-element elementor-element-f9304fc e-con-full e-flex wpr-particle-no wpr-jarallax-no wpr-parallax-no wpr-sticky-section-no e-con e-child\" data-id=\"f9304fc\" data-element_type=\"container\" data-settings=\"{&quot;_ha_eqh_enable&quot;:false}\">\n\t\t\t\t<div class=\"elementor-element elementor-element-0aedac2 exad-sticky-section-no exad-glass-effect-no elementor-widget elementor-widget-heading\" data-id=\"0aedac2\" data-element_type=\"widget\" data-widget_type=\"heading.default\">\n\t\t\t\t<div class=\"elementor-widget-container\">\n\t\t\t\t\t<span class=\"elementor-heading-title elementor-size-default\">Papo Filos\u00f3fico<\/span>\t\t\t\t<\/div>\n\t\t\t\t<\/div>\n\t\t\t\t<\/div>\n\t\t\t\t<\/div>\n\t\t\t\t<div class=\"elementor-element elementor-element-a95a231 elementor-widget__width-initial elementor-widget-mobile__width-inherit exad-sticky-section-no exad-glass-effect-no elementor-widget elementor-widget-text-editor\" data-id=\"a95a231\" data-element_type=\"widget\" data-widget_type=\"text-editor.default\">\n\t\t\t\t<div class=\"elementor-widget-container\">\n\t\t\t\t\t\t\t\t\t<p>O Papo Filos\u00f3fico acontece no final do ano, quando os estudantes nas aulas de filosofia estudam sobre os grandes fil\u00f3sofos e escolhem temas pertinentes na vis\u00e3o de cada fil\u00f3sofo. A data de apresenta\u00e7\u00e3o \u00e9 divulgada e estudantes de outros col\u00e9gios s\u00e3o convidados para participar das discuss\u00f5es.<\/p>\t\t\t\t\t\t\t\t<\/div>\n\t\t\t\t<\/div>\n\t\t\t\t\t<\/div>\n\t\t\t\t<\/div>\n\t\t<div class=\"elementor-element elementor-element-cd07f35 e-con-full manifestacao e-flex wpr-particle-no wpr-jarallax-no wpr-parallax-no wpr-sticky-section-no e-con e-child\" data-id=\"cd07f35\" data-element_type=\"container\" id=\"manifestacao\" data-settings=\"{&quot;background_background&quot;:&quot;classic&quot;,&quot;_ha_eqh_enable&quot;:false}\">\n\t\t<div class=\"elementor-element elementor-element-f1ffd11 e-con-full e-flex wpr-particle-no wpr-jarallax-no wpr-parallax-no wpr-sticky-section-no e-con e-child\" data-id=\"f1ffd11\" data-element_type=\"container\" data-settings=\"{&quot;_ha_eqh_enable&quot;:false}\">\n\t\t\t\t<div class=\"elementor-element elementor-element-769ce2b1 elementor-widget__width-initial elementor-widget-mobile__width-inherit exad-sticky-section-no exad-glass-effect-no elementor-widget elementor-widget-text-editor\" data-id=\"769ce2b1\" data-element_type=\"widget\" data-widget_type=\"text-editor.default\">\n\t\t\t\t<div class=\"elementor-widget-container\">\n\t\t\t\t\t\t\t\t\t<p><strong>Na apresenta\u00e7\u00e3o do papo filos\u00f3fico, toda comunidade escolar do fundamental \u00e9 convidada e participa das discuss\u00f5es dos temas apresentados.<\/strong><\/p>\t\t\t\t\t\t\t\t<\/div>\n\t\t\t\t<\/div>\n\t\t\t\t<\/div>\n\t\t\t\t<\/div>\n\t\t<div class=\"elementor-element elementor-element-daa94f9 e-con-full manifestacao e-flex wpr-particle-no wpr-jarallax-no wpr-parallax-no wpr-sticky-section-no e-con e-child\" data-id=\"daa94f9\" data-element_type=\"container\" data-settings=\"{&quot;background_background&quot;:&quot;classic&quot;,&quot;_ha_eqh_enable&quot;:false}\">\n\t\t\t\t<div class=\"elementor-element elementor-element-249ec07 elementor-widget__width-initial elementor-arrows-position-outside elementor-pagination-position-outside exad-sticky-section-no exad-glass-effect-no elementor-widget elementor-widget-image-carousel\" data-id=\"249ec07\" data-element_type=\"widget\" data-settings=\"{&quot;slides_to_show&quot;:&quot;4&quot;,&quot;slides_to_scroll&quot;:&quot;4&quot;,&quot;navigation&quot;:&quot;both&quot;,&quot;autoplay&quot;:&quot;yes&quot;,&quot;pause_on_hover&quot;:&quot;yes&quot;,&quot;pause_on_interaction&quot;:&quot;yes&quot;,&quot;autoplay_speed&quot;:5000,&quot;infinite&quot;:&quot;yes&quot;,&quot;speed&quot;:500,&quot;image_spacing_custom&quot;:{&quot;unit&quot;:&quot;px&quot;,&quot;size&quot;:20,&quot;sizes&quot;:[]},&quot;image_spacing_custom_tablet&quot;:{&quot;unit&quot;:&quot;px&quot;,&quot;size&quot;:&quot;&quot;,&quot;sizes&quot;:[]},&quot;image_spacing_custom_mobile&quot;:{&quot;unit&quot;:&quot;px&quot;,&quot;size&quot;:&quot;&quot;,&quot;sizes&quot;:[]}}\" data-widget_type=\"image-carousel.default\">\n\t\t\t\t<div class=\"elementor-widget-container\">\n\t\t\t\t\t\t\t<div class=\"elementor-image-carousel-wrapper swiper\" role=\"region\" aria-roledescription=\"carousel\" aria-label=\"Carrossel de imagens\" dir=\"ltr\">\n\t\t\t<div class=\"elementor-image-carousel swiper-wrapper swiper-image-stretch\" aria-live=\"off\">\n\t\t\t\t\t\t\t\t<div class=\"swiper-slide\" role=\"group\" aria-roledescription=\"slide\" aria-label=\"1 de 14\"><a data-elementor-open-lightbox=\"yes\" data-elementor-lightbox-slideshow=\"249ec07\" data-elementor-lightbox-title=\"481190530_1179425197523788_3211110664304237209_n\" data-e-action-hash=\"#elementor-action%3Aaction%3Dlightbox%26settings%3DeyJpZCI6NzIyNSwidXJsIjoiaHR0cHM6XC9cL2VzY29sYXZpbGEuY29tLmJyXC93cC1jb250ZW50XC91cGxvYWRzXC8yMDI1XC8wOVwvNDgxMTkwNTMwXzExNzk0MjUxOTc1MjM3ODhfMzIxMTExMDY2NDMwNDIzNzIwOV9uLmpwZyIsInNsaWRlc2hvdyI6IjI0OWVjMDcifQ%3D%3D\" href=\"https:\/\/escolavila.com.br\/wp-content\/uploads\/2025\/09\/481190530_1179425197523788_3211110664304237209_n.jpg\"><figure class=\"swiper-slide-inner\"><img decoding=\"async\" class=\"swiper-slide-image\" src=\"https:\/\/escolavila.com.br\/wp-content\/uploads\/elementor\/thumbs\/481190530_1179425197523788_3211110664304237209_n-rb6g9wijd26e1nl8nhl2r9dyyrxatk22g3povi7s7c.jpg\" alt=\"481190530_1179425197523788_3211110664304237209_n\" \/><\/figure><\/a><\/div><div class=\"swiper-slide\" role=\"group\" aria-roledescription=\"slide\" aria-label=\"2 de 14\"><a data-elementor-open-lightbox=\"yes\" data-elementor-lightbox-slideshow=\"249ec07\" data-elementor-lightbox-title=\"481178708_1179425097523798_2877489034485957200_n\" data-e-action-hash=\"#elementor-action%3Aaction%3Dlightbox%26settings%3DeyJpZCI6NzIyNCwidXJsIjoiaHR0cHM6XC9cL2VzY29sYXZpbGEuY29tLmJyXC93cC1jb250ZW50XC91cGxvYWRzXC8yMDI1XC8wOVwvNDgxMTc4NzA4XzExNzk0MjUwOTc1MjM3OThfMjg3NzQ4OTAzNDQ4NTk1NzIwMF9uLmpwZyIsInNsaWRlc2hvdyI6IjI0OWVjMDcifQ%3D%3D\" href=\"https:\/\/escolavila.com.br\/wp-content\/uploads\/2025\/09\/481178708_1179425097523798_2877489034485957200_n.jpg\"><figure class=\"swiper-slide-inner\"><img decoding=\"async\" class=\"swiper-slide-image\" src=\"https:\/\/escolavila.com.br\/wp-content\/uploads\/elementor\/thumbs\/481178708_1179425097523798_2877489034485957200_n-rb6g9sr6lq18r7qp9fykhac4l8ftyrn53l3qyedcw8.jpg\" alt=\"481178708_1179425097523798_2877489034485957200_n\" \/><\/figure><\/a><\/div><div class=\"swiper-slide\" role=\"group\" aria-roledescription=\"slide\" aria-label=\"3 de 14\"><a data-elementor-open-lightbox=\"yes\" data-elementor-lightbox-slideshow=\"249ec07\" data-elementor-lightbox-title=\"480957756_1179425040857137_670496807897939181_n\" data-e-action-hash=\"#elementor-action%3Aaction%3Dlightbox%26settings%3DeyJpZCI6NzI5OCwidXJsIjoiaHR0cHM6XC9cL2VzY29sYXZpbGEuY29tLmJyXC93cC1jb250ZW50XC91cGxvYWRzXC8yMDI1XC8wOVwvNDgwOTU3NzU2XzExNzk0MjUwNDA4NTcxMzdfNjcwNDk2ODA3ODk3OTM5MTgxX24uanBnIiwic2xpZGVzaG93IjoiMjQ5ZWMwNyJ9\" href=\"https:\/\/escolavila.com.br\/wp-content\/uploads\/2025\/09\/480957756_1179425040857137_670496807897939181_n.jpg\"><figure class=\"swiper-slide-inner\"><img decoding=\"async\" class=\"swiper-slide-image\" src=\"https:\/\/escolavila.com.br\/wp-content\/uploads\/elementor\/thumbs\/480957756_1179425040857137_670496807897939181_n-rb7tmm27kgcxb8tiwzbdaewxd8qz9cgz1zz479vczs.jpg\" alt=\"480957756_1179425040857137_670496807897939181_n\" \/><\/figure><\/a><\/div><div class=\"swiper-slide\" role=\"group\" aria-roledescription=\"slide\" aria-label=\"4 de 14\"><a data-elementor-open-lightbox=\"yes\" data-elementor-lightbox-slideshow=\"249ec07\" data-elementor-lightbox-title=\"480750237_1179424977523810_4451342022487376105_n\" data-e-action-hash=\"#elementor-action%3Aaction%3Dlightbox%26settings%3DeyJpZCI6NzIyMywidXJsIjoiaHR0cHM6XC9cL2VzY29sYXZpbGEuY29tLmJyXC93cC1jb250ZW50XC91cGxvYWRzXC8yMDI1XC8wOVwvNDgwNzUwMjM3XzExNzk0MjQ5Nzc1MjM4MTBfNDQ1MTM0MjAyMjQ4NzM3NjEwNV9uLmpwZyIsInNsaWRlc2hvdyI6IjI0OWVjMDcifQ%3D%3D\" href=\"https:\/\/escolavila.com.br\/wp-content\/uploads\/2025\/09\/480750237_1179424977523810_4451342022487376105_n.jpg\"><figure class=\"swiper-slide-inner\"><img decoding=\"async\" class=\"swiper-slide-image\" src=\"https:\/\/escolavila.com.br\/wp-content\/uploads\/elementor\/thumbs\/480750237_1179424977523810_4451342022487376105_n-rb6g9o1znjut55xj0vxfmtitmb2zwa4hexubk0kbrc.jpg\" alt=\"480750237_1179424977523810_4451342022487376105_n\" \/><\/figure><\/a><\/div><div class=\"swiper-slide\" role=\"group\" aria-roledescription=\"slide\" aria-label=\"5 de 14\"><a data-elementor-open-lightbox=\"yes\" data-elementor-lightbox-slideshow=\"249ec07\" data-elementor-lightbox-title=\"481247008_1179424547523853_4471485879964233447_n\" data-e-action-hash=\"#elementor-action%3Aaction%3Dlightbox%26settings%3DeyJpZCI6NzI5NywidXJsIjoiaHR0cHM6XC9cL2VzY29sYXZpbGEuY29tLmJyXC93cC1jb250ZW50XC91cGxvYWRzXC8yMDI1XC8wOVwvNDgxMjQ3MDA4XzExNzk0MjQ1NDc1MjM4NTNfNDQ3MTQ4NTg3OTk2NDIzMzQ0N19uLmpwZyIsInNsaWRlc2hvdyI6IjI0OWVjMDcifQ%3D%3D\" href=\"https:\/\/escolavila.com.br\/wp-content\/uploads\/2025\/09\/481247008_1179424547523853_4471485879964233447_n.jpg\"><figure class=\"swiper-slide-inner\"><img decoding=\"async\" class=\"swiper-slide-image\" src=\"https:\/\/escolavila.com.br\/wp-content\/uploads\/elementor\/thumbs\/481247008_1179424547523853_4471485879964233447_n-rb7tmhd0ma6hp70cofa8fy3mebe56uybdcposw2buw.jpg\" alt=\"481247008_1179424547523853_4471485879964233447_n\" \/><\/figure><\/a><\/div><div class=\"swiper-slide\" role=\"group\" aria-roledescription=\"slide\" aria-label=\"6 de 14\"><a data-elementor-open-lightbox=\"yes\" data-elementor-lightbox-slideshow=\"249ec07\" data-elementor-lightbox-title=\"DSC_0034\" data-e-action-hash=\"#elementor-action%3Aaction%3Dlightbox%26settings%3DeyJpZCI6NzIyMCwidXJsIjoiaHR0cHM6XC9cL2VzY29sYXZpbGEuY29tLmJyXC93cC1jb250ZW50XC91cGxvYWRzXC8yMDI1XC8wOVwvRFNDXzAwMzQtc2NhbGVkLmpwZyIsInNsaWRlc2hvdyI6IjI0OWVjMDcifQ%3D%3D\" href=\"https:\/\/escolavila.com.br\/wp-content\/uploads\/2025\/09\/DSC_0034-scaled.jpg\"><figure class=\"swiper-slide-inner\"><img decoding=\"async\" class=\"swiper-slide-image\" src=\"https:\/\/escolavila.com.br\/wp-content\/uploads\/elementor\/thumbs\/DSC_0034-scaled-rb6g2qyrcgdtohzcfe9as2do776q8hnm4oyndotnk8.jpg\" alt=\"DSC_0034\" \/><\/figure><\/a><\/div><div class=\"swiper-slide\" role=\"group\" aria-roledescription=\"slide\" aria-label=\"7 de 14\"><a data-elementor-open-lightbox=\"yes\" data-elementor-lightbox-slideshow=\"249ec07\" data-elementor-lightbox-title=\"DSC_0008\" data-e-action-hash=\"#elementor-action%3Aaction%3Dlightbox%26settings%3DeyJpZCI6NzIyMiwidXJsIjoiaHR0cHM6XC9cL2VzY29sYXZpbGEuY29tLmJyXC93cC1jb250ZW50XC91cGxvYWRzXC8yMDI1XC8wOVwvRFNDXzAwMDgtc2NhbGVkLmpwZyIsInNsaWRlc2hvdyI6IjI0OWVjMDcifQ%3D%3D\" href=\"https:\/\/escolavila.com.br\/wp-content\/uploads\/2025\/09\/DSC_0008-scaled.jpg\"><figure class=\"swiper-slide-inner\"><img decoding=\"async\" class=\"swiper-slide-image\" src=\"https:\/\/escolavila.com.br\/wp-content\/uploads\/elementor\/thumbs\/DSC_0008-scaled-rb6g3y7c2u10ik8jewy4yrgvix9m2kf9mmyzgf1jm0.jpg\" alt=\"DSC_0008\" \/><\/figure><\/a><\/div><div class=\"swiper-slide\" role=\"group\" aria-roledescription=\"slide\" aria-label=\"8 de 14\"><a data-elementor-open-lightbox=\"yes\" data-elementor-lightbox-slideshow=\"249ec07\" data-elementor-lightbox-title=\"508013613_2948652531974236_9141428459355665665_n\" data-e-action-hash=\"#elementor-action%3Aaction%3Dlightbox%26settings%3DeyJpZCI6NzIyNiwidXJsIjoiaHR0cHM6XC9cL2VzY29sYXZpbGEuY29tLmJyXC93cC1jb250ZW50XC91cGxvYWRzXC8yMDI1XC8wOVwvNTA4MDEzNjEzXzI5NDg2NTI1MzE5NzQyMzZfOTE0MTQyODQ1OTM1NTY2NTY2NV9uLmpwZyIsInNsaWRlc2hvdyI6IjI0OWVjMDcifQ%3D%3D\" href=\"https:\/\/escolavila.com.br\/wp-content\/uploads\/2025\/09\/508013613_2948652531974236_9141428459355665665_n.jpg\"><figure class=\"swiper-slide-inner\"><img decoding=\"async\" class=\"swiper-slide-image\" src=\"https:\/\/escolavila.com.br\/wp-content\/uploads\/elementor\/thumbs\/508013613_2948652531974236_9141428459355665665_n-rb6gbvy9sgw6k0ph2cgq0rd042572jxo1xalcj9v2g.jpg\" alt=\"508013613_2948652531974236_9141428459355665665_n\" \/><\/figure><\/a><\/div><div class=\"swiper-slide\" role=\"group\" aria-roledescription=\"slide\" aria-label=\"9 de 14\"><a data-elementor-open-lightbox=\"yes\" data-elementor-lightbox-slideshow=\"249ec07\" data-elementor-lightbox-title=\"506441191_2948652501974239_1438614792583849966_n\" data-e-action-hash=\"#elementor-action%3Aaction%3Dlightbox%26settings%3DeyJpZCI6NzMxMywidXJsIjoiaHR0cHM6XC9cL2VzY29sYXZpbGEuY29tLmJyXC93cC1jb250ZW50XC91cGxvYWRzXC8yMDI1XC8wOVwvNTA2NDQxMTkxXzI5NDg2NTI1MDE5NzQyMzlfMTQzODYxNDc5MjU4Mzg0OTk2Nl9uLmpwZyIsInNsaWRlc2hvdyI6IjI0OWVjMDcifQ%3D%3D\" href=\"https:\/\/escolavila.com.br\/wp-content\/uploads\/2025\/09\/506441191_2948652501974239_1438614792583849966_n.jpg\"><figure class=\"swiper-slide-inner\"><img decoding=\"async\" class=\"swiper-slide-image\" src=\"https:\/\/escolavila.com.br\/wp-content\/uploads\/elementor\/thumbs\/506441191_2948652501974239_1438614792583849966_n-rb7uczf7b4gj1eiixdok8rchcerp7n5vciviwqrqfc.jpg\" alt=\"506441191_2948652501974239_1438614792583849966_n\" \/><\/figure><\/a><\/div><div class=\"swiper-slide\" role=\"group\" aria-roledescription=\"slide\" aria-label=\"10 de 14\"><a data-elementor-open-lightbox=\"yes\" data-elementor-lightbox-slideshow=\"249ec07\" data-elementor-lightbox-title=\"506445360_2948652495307573_796840293751885371_n\" data-e-action-hash=\"#elementor-action%3Aaction%3Dlightbox%26settings%3DeyJpZCI6NzIxOCwidXJsIjoiaHR0cHM6XC9cL2VzY29sYXZpbGEuY29tLmJyXC93cC1jb250ZW50XC91cGxvYWRzXC8yMDI1XC8wOVwvNTA2NDQ1MzYwXzI5NDg2NTI0OTUzMDc1NzNfNzk2ODQwMjkzNzUxODg1MzcxX24uanBnIiwic2xpZGVzaG93IjoiMjQ5ZWMwNyJ9\" href=\"https:\/\/escolavila.com.br\/wp-content\/uploads\/2025\/09\/506445360_2948652495307573_796840293751885371_n.jpg\"><figure class=\"swiper-slide-inner\"><img decoding=\"async\" class=\"swiper-slide-image\" src=\"https:\/\/escolavila.com.br\/wp-content\/uploads\/elementor\/thumbs\/506445360_2948652495307573_796840293751885371_n-rb6fxbgbuwy6llvc51qwdfpsn1ydrg3g1t9nk4vjig.jpg\" alt=\"506445360_2948652495307573_796840293751885371_n\" \/><\/figure><\/a><\/div><div class=\"swiper-slide\" role=\"group\" aria-roledescription=\"slide\" aria-label=\"11 de 14\"><a data-elementor-open-lightbox=\"yes\" data-elementor-lightbox-slideshow=\"249ec07\" data-elementor-lightbox-title=\"506395626_2948652685307554_8653463291514749428_n\" data-e-action-hash=\"#elementor-action%3Aaction%3Dlightbox%26settings%3DeyJpZCI6NzMxNCwidXJsIjoiaHR0cHM6XC9cL2VzY29sYXZpbGEuY29tLmJyXC93cC1jb250ZW50XC91cGxvYWRzXC8yMDI1XC8wOVwvNTA2Mzk1NjI2XzI5NDg2NTI2ODUzMDc1NTRfODY1MzQ2MzI5MTUxNDc0OTQyOF9uLmpwZyIsInNsaWRlc2hvdyI6IjI0OWVjMDcifQ%3D%3D\" href=\"https:\/\/escolavila.com.br\/wp-content\/uploads\/2025\/09\/506395626_2948652685307554_8653463291514749428_n.jpg\"><figure class=\"swiper-slide-inner\"><img decoding=\"async\" class=\"swiper-slide-image\" src=\"https:\/\/escolavila.com.br\/wp-content\/uploads\/elementor\/thumbs\/506395626_2948652685307554_8653463291514749428_n-rb7ud7vr0ms3xw68jzc7d77movm04x3gdoqw88f6vc.jpg\" alt=\"506395626_2948652685307554_8653463291514749428_n\" \/><\/figure><\/a><\/div><div class=\"swiper-slide\" role=\"group\" aria-roledescription=\"slide\" aria-label=\"12 de 14\"><a data-elementor-open-lightbox=\"yes\" data-elementor-lightbox-slideshow=\"249ec07\" data-elementor-lightbox-title=\"506451424_2948652528640903_5912732973848200690_n\" data-e-action-hash=\"#elementor-action%3Aaction%3Dlightbox%26settings%3DeyJpZCI6NzIxNywidXJsIjoiaHR0cHM6XC9cL2VzY29sYXZpbGEuY29tLmJyXC93cC1jb250ZW50XC91cGxvYWRzXC8yMDI1XC8wOVwvNTA2NDUxNDI0XzI5NDg2NTI1Mjg2NDA5MDNfNTkxMjczMjk3Mzg0ODIwMDY5MF9uLmpwZyIsInNsaWRlc2hvdyI6IjI0OWVjMDcifQ%3D%3D\" href=\"https:\/\/escolavila.com.br\/wp-content\/uploads\/2025\/09\/506451424_2948652528640903_5912732973848200690_n.jpg\"><figure class=\"swiper-slide-inner\"><img decoding=\"async\" class=\"swiper-slide-image\" src=\"https:\/\/escolavila.com.br\/wp-content\/uploads\/elementor\/thumbs\/506451424_2948652528640903_5912732973848200690_n-rb6fxaiho2ww9zwpajc9sxyc1o30jqzppom62uwxoo.jpg\" alt=\"506451424_2948652528640903_5912732973848200690_n\" \/><\/figure><\/a><\/div><div class=\"swiper-slide\" role=\"group\" aria-roledescription=\"slide\" aria-label=\"13 de 14\"><a data-elementor-open-lightbox=\"yes\" data-elementor-lightbox-slideshow=\"249ec07\" data-elementor-lightbox-title=\"506392284_2948652555307567_7415633067922507522_n\" data-e-action-hash=\"#elementor-action%3Aaction%3Dlightbox%26settings%3DeyJpZCI6NzIyNywidXJsIjoiaHR0cHM6XC9cL2VzY29sYXZpbGEuY29tLmJyXC93cC1jb250ZW50XC91cGxvYWRzXC8yMDI1XC8wOVwvNTA2MzkyMjg0XzI5NDg2NTI1NTUzMDc1NjdfNzQxNTYzMzA2NzkyMjUwNzUyMl9uLmpwZyIsInNsaWRlc2hvdyI6IjI0OWVjMDcifQ%3D%3D\" href=\"https:\/\/escolavila.com.br\/wp-content\/uploads\/2025\/09\/506392284_2948652555307567_7415633067922507522_n.jpg\"><figure class=\"swiper-slide-inner\"><img decoding=\"async\" class=\"swiper-slide-image\" src=\"https:\/\/escolavila.com.br\/wp-content\/uploads\/elementor\/thumbs\/506392284_2948652555307567_7415633067922507522_n-rb6ge9hl2e59wj986vfrtnry64flj0d8pons0pr1c8.jpg\" alt=\"506392284_2948652555307567_7415633067922507522_n\" \/><\/figure><\/a><\/div><div class=\"swiper-slide\" role=\"group\" aria-roledescription=\"slide\" aria-label=\"14 de 14\"><a data-elementor-open-lightbox=\"yes\" data-elementor-lightbox-slideshow=\"249ec07\" data-elementor-lightbox-title=\"506358099_2948652545307568_3673172730971570637_n\" data-e-action-hash=\"#elementor-action%3Aaction%3Dlightbox%26settings%3DeyJpZCI6NzIyOCwidXJsIjoiaHR0cHM6XC9cL2VzY29sYXZpbGEuY29tLmJyXC93cC1jb250ZW50XC91cGxvYWRzXC8yMDI1XC8wOVwvNTA2MzU4MDk5XzI5NDg2NTI1NDUzMDc1NjhfMzY3MzE3MjczMDk3MTU3MDYzN19uLmpwZyIsInNsaWRlc2hvdyI6IjI0OWVjMDcifQ%3D%3D\" href=\"https:\/\/escolavila.com.br\/wp-content\/uploads\/2025\/09\/506358099_2948652545307568_3673172730971570637_n.jpg\"><figure class=\"swiper-slide-inner\"><img decoding=\"async\" class=\"swiper-slide-image\" src=\"https:\/\/escolavila.com.br\/wp-content\/uploads\/elementor\/thumbs\/506358099_2948652545307568_3673172730971570637_n-rb6gf1oqrf7vku49m7mkwgnrzoklxxh6tk8cf0l85k.jpg\" alt=\"506358099_2948652545307568_3673172730971570637_n\" \/><\/figure><\/a><\/div>\t\t\t<\/div>\n\t\t\t\t\t\t\t\t\t\t\t\t<div class=\"elementor-swiper-button elementor-swiper-button-prev\" role=\"button\" tabindex=\"0\">\n\t\t\t\t\t\t<svg aria-hidden=\"true\" class=\"e-font-icon-svg e-eicon-chevron-left\" viewBox=\"0 0 1000 1000\" xmlns=\"http:\/\/www.w3.org\/2000\/svg\"><path d=\"M646 125C629 125 613 133 604 142L308 442C296 454 292 471 292 487 292 504 296 521 308 533L604 854C617 867 629 875 646 875 663 875 679 871 692 858 704 846 713 829 713 812 713 796 708 779 692 767L438 487 692 225C700 217 708 204 708 187 708 171 704 154 692 142 675 129 663 125 646 125Z\"><\/path><\/svg>\t\t\t\t\t<\/div>\n\t\t\t\t\t<div class=\"elementor-swiper-button elementor-swiper-button-next\" role=\"button\" tabindex=\"0\">\n\t\t\t\t\t\t<svg aria-hidden=\"true\" class=\"e-font-icon-svg e-eicon-chevron-right\" viewBox=\"0 0 1000 1000\" xmlns=\"http:\/\/www.w3.org\/2000\/svg\"><path d=\"M696 533C708 521 713 504 713 487 713 471 708 454 696 446L400 146C388 133 375 125 354 125 338 125 325 129 313 142 300 154 292 171 292 187 292 204 296 221 308 233L563 492 304 771C292 783 288 800 288 817 288 833 296 850 308 863 321 871 338 875 354 875 371 875 388 867 400 854L696 533Z\"><\/path><\/svg>\t\t\t\t\t<\/div>\n\t\t\t\t\n\t\t\t\t\t\t\t\t\t<div class=\"swiper-pagination\"><\/div>\n\t\t\t\t\t\t\t\t\t<\/div>\n\t\t\t\t\t\t<\/div>\n\t\t\t\t<\/div>\n\t\t\t\t<\/div>\n\t\t\t\t<\/div>\n\t\t","protected":false},"excerpt":{"rendered":"<p>Papo Filos\u00f3fico O Papo Filos\u00f3fico acontece no final do ano, quando os estudantes nas aulas de filosofia estudam sobre os grandes fil\u00f3sofos e escolhem temas pertinentes na vis\u00e3o de cada fil\u00f3sofo. A data de apresenta\u00e7\u00e3o \u00e9 divulgada e estudantes de outros col\u00e9gios s\u00e3o convidados para participar das discuss\u00f5es. Na apresenta\u00e7\u00e3o do papo filos\u00f3fico, toda comunidade escolar do fundamental \u00e9 convidada e participa das discuss\u00f5es dos temas apresentados.<\/p>\n","protected":false},"author":4,"featured_media":0,"parent":0,"menu_order":0,"comment_status":"closed","ping_status":"closed","template":"elementor_canvas","meta":{"_acf_changed":false,"footnotes":""},"class_list":["post-7063","page","type-page","status-publish","hentry"],"acf":[],"_links":{"self":[{"href":"https:\/\/escolavila.com.br\/index.php\/wp-json\/wp\/v2\/pages\/7063","targetHints":{"allow":["GET"]}}],"collection":[{"href":"https:\/\/escolavila.com.br\/index.php\/wp-json\/wp\/v2\/pages"}],"about":[{"href":"https:\/\/escolavila.com.br\/index.php\/wp-json\/wp\/v2\/types\/page"}],"author":[{"embeddable":true,"href":"https:\/\/escolavila.com.br\/index.php\/wp-json\/wp\/v2\/users\/4"}],"replies":[{"embeddable":true,"href":"https:\/\/escolavila.com.br\/index.php\/wp-json\/wp\/v2\/comments?post=7063"}],"version-history":[{"count":25,"href":"https:\/\/escolavila.com.br\/index.php\/wp-json\/wp\/v2\/pages\/7063\/revisions"}],"predecessor-version":[{"id":7890,"href":"https:\/\/escolavila.com.br\/index.php\/wp-json\/wp\/v2\/pages\/7063\/revisions\/7890"}],"wp:attachment":[{"href":"https:\/\/escolavila.com.br\/index.php\/wp-json\/wp\/v2\/media?parent=7063"}],"curies":[{"name":"wp","href":"https:\/\/api.w.org\/{rel}","templated":true}]}}